-- https://www.phpmyadmin.net/
--

START TRANSACTION;



--
-- Database: `kanzler_cms`
--

-- --------------------------------------------------------

--
-- Table structure for table `admin_permissions`
--

CREATE TABLE `admin_permissions` (
  `id` int(10) UNSIGNED NOT NULL,
  `document_id` varchar(255) DEFAULT NULL,
  `action` varchar(255) DEFAULT NULL,
  `action_parameters` longtext CHARACTER SET utf8mb4 COLLATE utf8mb4_bin DEFAULT NULL CHECK (json_valid(`action_parameters`)),
  `subject` varchar(255) DEFAULT NULL,
  `properties` longtext CHARACTER SET utf8mb4 COLLATE utf8mb4_bin DEFAULT NULL CHECK (json_valid(`properties`)),
  `conditions` longtext CHARACTER SET utf8mb4 COLLATE utf8mb4_bin DEFAULT NULL CHECK (json_valid(`conditions`)),
  `created_at` datetime(6) DEFAULT NULL,
  `updated_at` datetime(6) DEFAULT NULL,
  `published_at` datetime(6) DEFAULT NULL,
  `created_by_id` int(10) UNSIGNED DEFAULT NULL,
  `updated_by_id` int(10) UNSIGNED DEFAULT NULL,
  `locale` varchar(255) DEFAULT NULL
) ENGINE=InnoDB DEFAULT CHARSET=utf8mb4 COLLATE=utf8mb4_general_ci;

--
-- Dumping data for table `admin_permissions`
--

INSERT INTO `admin_permissions` (`id`, `document_id`, `action`, `action_parameters`, `subject`, `properties`, `conditions`, `created_at`, `updated_at`, `published_at`, `created_by_id`, `updated_by_id`, `locale`) VALUES
(6, 'bvt13s7bx3t5eip7foclplqg', 'plugin::upload.read', '{}', NULL, '{}', '[]', '2025-05-30 11:21:06.470000', '2025-05-30 11:21:06.470000', '2025-05-30 11:21:06.470000', NULL, NULL, NULL),
(7, 'tnc4r9y5pu18jyycnilzm9ms', 'plugin::upload.configure-view', '{}', NULL, '{}', '[]', '2025-05-30 11:21:06.472000', '2025-05-30 11:21:06.472000', '2025-05-30 11:21:06.472000', NULL, NULL, NULL),
(8, 'brr1w1edk12za6x1ysvpn010', 'plugin::upload.assets.create', '{}', NULL, '{}', '[]', '2025-05-30 11:21:06.473000', '2025-05-30 11:21:06.473000', '2025-05-30 11:21:06.473000', NULL, NULL, NULL),
(9, 'kxcyfxgqtgizghdknvku2h5g', 'plugin::upload.assets.update', '{}', NULL, '{}', '[]', '2025-05-30 11:21:06.475000', '2025-05-30 11:21:06.475000', '2025-05-30 11:21:06.476000', NULL, NULL, NULL),
(10, 'tuzivga7of7pz768ny9oud97', 'plugin::upload.assets.download', '{}', NULL, '{}', '[]', '2025-05-30 11:21:06.478000', '2025-05-30 11:21:06.478000', '2025-05-30 11:21:06.478000', NULL, NULL, NULL),
(11, 'gmihsjggzb78my52kuhvgo4e', 'plugin::upload.assets.copy-link', '{}', NULL, '{}', '[]', '2025-05-30 11:21:06.480000', '2025-05-30 11:21:06.480000', '2025-05-30 11:21:06.480000', NULL, NULL, NULL),
(16, 'm4kiqnugy9bz8uop4y40dcyy', 'plugin::upload.read', '{}', NULL, '{}', '[\"admin::is-creator\"]', '2025-05-30 11:21:06.491000', '2025-05-30 11:21:06.491000', '2025-05-30 11:21:06.491000', NULL, NULL, NULL),
(17, 'yg8tyxyoh4ayb3uq86bhy3zq', 'plugin::upload.configure-view', '{}', NULL, '{}', '[]', '2025-05-30 11:21:06.493000', '2025-05-30 11:21:06.493000', '2025-05-30 11:21:06.493000', NULL, NULL, NULL),
(18, 'oj2b092ql24d1pbcq4dkyu8z', 'plugin::upload.assets.create', '{}', NULL, '{}', '[]', '2025-05-30 11:21:06.496000', '2025-05-30 11:21:06.496000', '2025-05-30 11:21:06.496000', NULL, NULL, NULL),
(19, 'v2w9aubehuf1of2m7m5t4bkn', 'plugin::upload.assets.update', '{}', NULL, '{}', '[\"admin::is-creator\"]', '2025-05-30 11:21:06.498000', '2025-05-30 11:21:06.498000', '2025-05-30 11:21:06.498000', NULL, NULL, NULL),
(20, 'tid1nkij06j6l07789aiqhi2', 'plugin::upload.assets.download', '{}', NULL, '{}', '[]', '2025-05-30 11:21:06.500000', '2025-05-30 11:21:06.500000', '2025-05-30 11:21:06.500000', NULL, NULL, NULL),
(21, 'pqp50y6ogmw56hy1cwifkeqj', 'plugin::upload.assets.copy-link', '{}', NULL, '{}', '[]', '2025-05-30 11:21:06.501000', '2025-05-30 11:21:06.501000', '2025-05-30 11:21:06.501000', NULL, NULL, NULL),
(23, 'hxec7nslw0dfnc6tsrp23opt', 'plugin::content-manager.explorer.create', '{}', 'plugin::users-permissions.user', '{\"fields\":[\"username\",\"email\",\"provider\",\"password\",\"resetPasswordToken\",\"confirmationToken\",\"confirmed\",\"blocked\",\"role\"]}', '[]', '2025-05-30 11:21:06.536000', '2025-05-30 11:21:06.536000', '2025-05-30 11:21:06.536000', NULL, NULL, NULL),
(25, 'am0l4o64mokohuy8s6dcfq9a', 'plugin::content-manager.explorer.read', '{}', 'plugin::users-permissions.user', '{\"fields\":[\"username\",\"email\",\"provider\",\"password\",\"resetPasswordToken\",\"confirmationToken\",\"confirmed\",\"blocked\",\"role\"]}', '[]', '2025-05-30 11:21:06.540000', '2025-05-30 11:21:06.540000', '2025-05-30 11:21:06.540000', NULL, NULL, NULL),
(27, 'ai1bgotilhfiq824o0fa2o4y', 'plugin::content-manager.explorer.update', '{}', 'plugin::users-permissions.user', '{\"fields\":[\"username\",\"email\",\"provider\",\"password\",\"resetPasswordToken\",\"confirmationToken\",\"confirmed\",\"blocked\",\"role\"]}', '[]', '2025-05-30 11:21:06.543000', '2025-05-30 11:21:06.543000', '2025-05-30 11:21:06.543000', NULL, NULL, NULL),
(29, 'ht0cbmyhq57co4ilim2f2ffx', 'plugin::content-manager.explorer.delete', '{}', 'plugin::users-permissions.user', '{}', '[]', '2025-05-30 11:21:06.548000', '2025-05-30 11:21:06.548000', '2025-05-30 11:21:06.548000', NULL, NULL, NULL),
(31, 'uw17x5m3q57as1x4khv6draf', 'plugin::content-manager.explorer.publish', '{}', 'plugin::users-permissions.user', '{}', '[]', '2025-05-30 11:21:06.551000', '2025-05-30 11:21:06.551000', '2025-05-30 11:21:06.551000', NULL, NULL, NULL),
(32, 'm1kfr3bu3flrzuu4fa9pmytk', 'plugin::content-manager.single-types.configure-view', '{}', NULL, '{}', '[]', '2025-05-30 11:21:06.553000', '2025-05-30 11:21:06.553000', '2025-05-30 11:21:06.554000', NULL, NULL, NULL),
(33, 'l36w3y3d17zjw0gfq2ffus77', 'plugin::content-manager.collection-types.configure-view', '{}', NULL, '{}', '[]', '2025-05-30 11:21:06.556000', '2025-05-30 11:21:06.556000', '2025-05-30 11:21:06.556000', NULL, NULL, NULL),
(34, 'n0xlybu8m6bo9cfjdilayxoq', 'plugin::content-manager.components.configure-layout', '{}', NULL, '{}', '[]', '2025-05-30 11:21:06.558000', '2025-05-30 11:21:06.558000', '2025-05-30 11:21:06.558000', NULL, NULL, NULL),
(35, 'wdet98cjnnkcgx3zaaei2mfm', 'plugin::content-type-builder.read', '{}', NULL, '{}', '[]', '2025-05-30 11:21:06.559000', '2025-05-30 11:21:06.559000', '2025-05-30 11:21:06.560000', NULL, NULL, NULL),
(36, 'e93dmilm4yav11z1u0rf53p8', 'plugin::email.settings.read', '{}', NULL, '{}', '[]', '2025-05-30 11:21:06.561000', '2025-05-30 11:21:06.561000', '2025-05-30 11:21:06.561000', NULL, NULL, NULL),
(37, 's4vh48hhgp5dyonru30c8b9e', 'plugin::upload.read', '{}', NULL, '{}', '[]', '2025-05-30 11:21:06.562000', '2025-05-30 11:21:06.562000', '2025-05-30 11:21:06.563000', NULL, NULL, NULL),
(38, 'jul8042x7bvebuhmgtooue8x', 'plugin::upload.assets.create', '{}', NULL, '{}', '[]', '2025-05-30 11:21:06.564000', '2025-05-30 11:21:06.564000', '2025-05-30 11:21:06.564000', NULL, NULL, NULL),
(39, 'yjwzd9rtbx4jqixkwa6p0j6b', 'plugin::upload.assets.update', '{}', NULL, '{}', '[]', '2025-05-30 11:21:06.566000', '2025-05-30 11:21:06.566000', '2025-05-30 11:21:06.566000', NULL, NULL, NULL),
(40, 'pym3pmcxrvpbu695n0leshfz', 'plugin::upload.assets.download', '{}', NULL, '{}', '[]', '2025-05-30 11:21:06.567000', '2025-05-30 11:21:06.567000', '2025-05-30 11:21:06.567000', NULL, NULL, NULL),
(41, 'zbndglj9osmpy85ab2ko1fho', 'plugin::upload.assets.copy-link', '{}', NULL, '{}', '[]', '2025-05-30 11:21:06.569000', '2025-05-30 11:21:06.569000', '2025-05-30 11:21:06.569000', NULL, NULL, NULL),
(42, 'pk2p73qarkjrhwszu971djam', 'plugin::upload.configure-view', '{}', NULL, '{}', '[]', '2025-05-30 11:21:06.571000', '2025-05-30 11:21:06.571000', '2025-05-30 11:21:06.571000', NULL, NULL, NULL),
(43, 'nyzy1q89o4tahbeqawnbsht8', 'plugin::upload.settings.read', '{}', NULL, '{}', '[]', '2025-05-30 11:21:06.574000', '2025-05-30 11:21:06.574000', '2025-05-30 11:21:06.574000', NULL, NULL, NULL),
(44, 'pu1sh387ryrqfo5ozal46gum', 'plugin::i18n.locale.create', '{}', NULL, '{}', '[]', '2025-05-30 11:21:06.576000', '2025-05-30 11:21:06.576000', '2025-05-30 11:21:06.576000', NULL, NULL, NULL),
(45, 'x3i3hcxjnc5mrv286aymgaym', 'plugin::i18n.locale.read', '{}', NULL, '{}', '[]', '2025-05-30 11:21:06.578000', '2025-05-30 11:21:06.578000', '2025-05-30 11:21:06.578000', NULL, NULL, NULL),
(46, 'dp65iwysdyg9vjgmnaqv44f4', 'plugin::i18n.locale.update', '{}', NULL, '{}', '[]', '2025-05-30 11:21:06.579000', '2025-05-30 11:21:06.579000', '2025-05-30 11:21:06.579000', NULL, NULL, NULL),
(47, 'vtnvhqekqpxqc4y7wisz14y9', 'plugin::i18n.locale.delete', '{}', NULL, '{}', '[]', '2025-05-30 11:21:06.581000', '2025-05-30 11:21:06.581000', '2025-05-30 11:21:06.581000', NULL, NULL, NULL),
(48, 'cds6wtots1lrqk727grnrpz9', 'plugin::users-permissions.roles.create', '{}', NULL, '{}', '[]', '2025-05-30 11:21:06.582000', '2025-05-30 11:21:06.582000', '2025-05-30 11:21:06.582000', NULL, NULL, NULL),
(49, 'lh58k8v5z32p93xlhkgbelom', 'plugin::users-permissions.roles.read', '{}', NULL, '{}', '[]', '2025-05-30 11:21:06.584000', '2025-05-30 11:21:06.584000', '2025-05-30 11:21:06.584000', NULL, NULL, NULL),
(50, 'anxv3gga7miy8rpsadauvic7', 'plugin::users-permissions.roles.update', '{}', NULL, '{}', '[]', '2025-05-30 11:21:06.586000', '2025-05-30 11:21:06.586000', '2025-05-30 11:21:06.586000', NULL, NULL, NULL),
(51, 'd8u4ftyk2pza11srhqyo67l3', 'plugin::users-permissions.roles.delete', '{}', NULL, '{}', '[]', '2025-05-30 11:21:06.588000', '2025-05-30 11:21:06.588000', '2025-05-30 11:21:06.588000', NULL, NULL, NULL),
(52, 'qaaqywaked9zv2eyz16ag9aq', 'plugin::users-permissions.providers.read', '{}', NULL, '{}', '[]', '2025-05-30 11:21:06.589000', '2025-05-30 11:21:06.589000', '2025-05-30 11:21:06.589000', NULL, NULL, NULL),
(53, 'lt4x3vqnlppl8j5j1ke3fv9i', 'plugin::users-permissions.providers.update', '{}', NULL, '{}', '[]', '2025-05-30 11:21:06.591000', '2025-05-30 11:21:06.591000', '2025-05-30 11:21:06.591000', NULL, NULL, NULL),
(54, 'eacnb8puj3u4whmqbp9qmqe5', 'plugin::users-permissions.email-templates.read', '{}', NULL, '{}', '[]', '2025-05-30 11:21:06.592000', '2025-05-30 11:21:06.592000', '2025-05-30 11:21:06.592000', NULL, NULL, NULL),
(55, 'm9fafv7x5k6qb3qd43c8l0sc', 'plugin::users-permissions.email-templates.update', '{}', NULL, '{}', '[]', '2025-05-30 11:21:06.594000', '2025-05-30 11:21:06.594000', '2025-05-30 11:21:06.594000', NULL, NULL, NULL),
(56, 'b0tybuiome4le4v1nllh7c99', 'plugin::users-permissions.advanced-settings.read', '{}', NULL, '{}', '[]', '2025-05-30 11:21:06.595000', '2025-05-30 11:21:06.595000', '2025-05-30 11:21:06.595000', NULL, NULL, NULL),
(57, 'pafud4pvh8d4kkrcopnloerq', 'plugin::users-permissions.advanced-settings.update', '{}', NULL, '{}', '[]', '2025-05-30 11:21:06.597000', '2025-05-30 11:21:06.597000', '2025-05-30 11:21:06.597000', NULL, NULL, NULL),
(58, 'nqyefz1kwhgq17k0wpct1jzl', 'admin::marketplace.read', '{}', NULL, '{}', '[]', '2025-05-30 11:21:06.598000', '2025-05-30 11:21:06.598000', '2025-05-30 11:21:06.598000', NULL, NULL, NULL),
(59, 'zjx3ygwgs7jxdw479pfhi05i', 'admin::webhooks.create', '{}', NULL, '{}', '[]', '2025-05-30 11:21:06.602000', '2025-05-30 11:21:06.602000', '2025-05-30 11:21:06.602000', NULL, NULL, NULL),
(60, 'bzz6vh6dshkeesegy3izyrc7', 'admin::webhooks.read', '{}', NULL, '{}', '[]', '2025-05-30 11:21:06.606000', '2025-05-30 11:21:06.606000', '2025-05-30 11:21:06.606000', NULL, NULL, NULL),
(61, 'q2pn3ec80cbtzyyakikjyywe', 'admin::webhooks.update', '{}', NULL, '{}', '[]', '2025-05-30 11:21:06.608000', '2025-05-30 11:21:06.608000', '2025-05-30 11:21:06.608000', NULL, NULL, NULL),
(62, 'qz9h27akk4viu40yp9goov9u', 'admin::webhooks.delete', '{}', NULL, '{}', '[]', '2025-05-30 11:21:06.610000', '2025-05-30 11:21:06.610000', '2025-05-30 11:21:06.610000', NULL, NULL, NULL),
(63, 'a7sbink5aimi9c6xv54rjgqs', 'admin::users.create', '{}', NULL, '{}', '[]', '2025-05-30 11:21:06.612000', '2025-05-30 11:21:06.612000', '2025-05-30 11:21:06.612000', NULL, NULL, NULL),
(64, 'zkczmgd6kqzzw18qifj508wt', 'admin::users.read', '{}', NULL, '{}', '[]', '2025-05-30 11:21:06.614000', '2025-05-30 11:21:06.614000', '2025-05-30 11:21:06.614000', NULL, NULL, NULL),
(65, 'w67pifk3w0fgh7i6hl9sh9qh', 'admin::users.update', '{}', NULL, '{}', '[]', '2025-05-30 11:21:06.617000', '2025-05-30 11:21:06.617000', '2025-05-30 11:21:06.617000', NULL, NULL, NULL),
(66, 'enruciecz8gxj1zbfpv5lvcs', 'admin::users.delete', '{}', NULL, '{}', '[]', '2025-05-30 11:21:06.619000', '2025-05-30 11:21:06.619000', '2025-05-30 11:21:06.619000', NULL, NULL, NULL),
(67, 'f0zm3zpsa880t0xmpqakbvey', 'admin::roles.create', '{}', NULL, '{}', '[]', '2025-05-30 11:21:06.621000', '2025-05-30 11:21:06.621000', '2025-05-30 11:21:06.621000', NULL, NULL, NULL),
(68, 'u0ipzibbkwgfft27qj92u08z', 'admin::roles.read', '{}', NULL, '{}', '[]', '2025-05-30 11:21:06.623000', '2025-05-30 11:21:06.623000', '2025-05-30 11:21:06.623000', NULL, NULL, NULL),
(69, 'eu2sv5bfjcbum3zdld8uqedu', 'admin::roles.update', '{}', NULL, '{}', '[]', '2025-05-30 11:21:06.625000', '2025-05-30 11:21:06.625000', '2025-05-30 11:21:06.625000', NULL, NULL, NULL),
(70, 'pu19lcqeppoekp3i61t6yyz0', 'admin::roles.delete', '{}', NULL, '{}', '[]', '2025-05-30 11:21:06.627000', '2025-05-30 11:21:06.627000', '2025-05-30 11:21:06.627000', NULL, NULL, NULL),
(71, 'wzd9t4hxbrhqe2a3m35ya00y', 'admin::api-tokens.access', '{}', NULL, '{}', '[]', '2025-05-30 11:21:06.629000', '2025-05-30 11:21:06.629000', '2025-05-30 11:21:06.629000', NULL, NULL, NULL),
(72, 'eqt581rym7gum3db1oy4ywhc', 'admin::api-tokens.create', '{}', NULL, '{}', '[]', '2025-05-30 11:21:06.631000', '2025-05-30 11:21:06.631000', '2025-05-30 11:21:06.631000', NULL, NULL, NULL),
(73, 'a5cqw8zhn2n53v07n129nsy9', 'admin::api-tokens.read', '{}', NULL, '{}', '[]', '2025-05-30 11:21:06.633000', '2025-05-30 11:21:06.633000', '2025-05-30 11:21:06.633000', NULL, NULL, NULL),
(74, 'ikpx480azbdvel68ccw60njo', 'admin::api-tokens.update', '{}', NULL, '{}', '[]', '2025-05-30 11:21:06.636000', '2025-05-30 11:21:06.636000', '2025-05-30 11:21:06.636000', NULL, NULL, NULL),
(75, 'e57ijmv2t7w5k2zry3azrk4c', 'admin::api-tokens.regenerate', '{}', NULL, '{}', '[]', '2025-05-30 11:21:06.638000', '2025-05-30 11:21:06.638000', '2025-05-30 11:21:06.638000', NULL, NULL, NULL),
(76, 'vlai93r0ocxyz15lf2nbine4', 'admin::api-tokens.delete', '{}', NULL, '{}', '[]', '2025-05-30 11:21:06.639000', '2025-05-30 11:21:06.639000', '2025-05-30 11:21:06.639000', NULL, NULL, NULL),
(77, 'yvvr76f5fiyfkye2uq4twem6', 'admin::project-settings.update', '{}', NULL, '{}', '[]', '2025-05-30 11:21:06.641000', '2025-05-30 11:21:06.641000', '2025-05-30 11:21:06.641000', NULL, NULL, NULL),
(78, 'zsz1z8ku19w0kzpqu9zhpz2m', 'admin::project-settings.read', '{}', NULL, '{}', '[]', '2025-05-30 11:21:06.643000', '2025-05-30 11:21:06.643000', '2025-05-30 11:21:06.643000', NULL, NULL, NULL),
(79, 'ggefrb3db8qkw3n9916za5xq', 'admin::transfer.tokens.access', '{}', NULL, '{}', '[]', '2025-05-30 11:21:06.645000', '2025-05-30 11:21:06.645000', '2025-05-30 11:21:06.645000', NULL, NULL, NULL),
(80, 'c5igruluf3ynpharh93muho3', 'admin::transfer.tokens.create', '{}', NULL, '{}', '[]', '2025-05-30 11:21:06.647000', '2025-05-30 11:21:06.647000', '2025-05-30 11:21:06.647000', NULL, NULL, NULL),
(81, 'enxcclq7vpxbhg266manvboy', 'admin::transfer.tokens.read', '{}', NULL, '{}', '[]', '2025-05-30 11:21:06.649000', '2025-05-30 11:21:06.649000', '2025-05-30 11:21:06.649000', NULL, NULL, NULL),
(82, 'ba7nyuwazifmgyon1ipl0h6r', 'admin::transfer.tokens.update', '{}', NULL, '{}', '[]', '2025-05-30 11:21:06.652000', '2025-05-30 11:21:06.652000', '2025-05-30 11:21:06.652000', NULL, NULL, NULL),
(83, 'cdfop9tvu96kuvge7x5p16tq', 'admin::transfer.tokens.regenerate', '{}', NULL, '{}', '[]', '2025-05-30 11:21:06.654000', '2025-05-30 11:21:06.654000', '2025-05-30 11:21:06.654000', NULL, NULL, NULL),
(84, 'zwdht7qy8z6g5457mpdjc6vo', 'admin::transfer.tokens.delete', '{}', NULL, '{}', '[]', '2025-05-30 11:21:06.655000', '2025-05-30 11:21:06.655000', '2025-05-30 11:21:06.656000', NULL, NULL, NULL),
(107, 'h97404ylaj2fsgxwjlt5mxig', 'plugin::content-manager.explorer.delete', '{}', 'api::recipe.recipe', '{}', '[]', '2025-05-30 15:11:43.587000', '2025-05-30 15:11:43.587000', '2025-05-30 15:11:43.588000', NULL, NULL, NULL),
(108, 'el6ncr06yrhsbyfqqbnw92il', 'plugin::content-manager.explorer.publish', '{}', 'api::recipe.recipe', '{}', '[]', '2025-05-30 15:11:43.590000', '2025-05-30 15:11:43.590000', '2025-05-30 15:11:43.590000', NULL, NULL, NULL),
(112, 'n8he51vddnrts8xkdvnje10o', 'plugin::content-manager.explorer.create', '{}', 'api::content.content', '{\"fields\":[\"Slogan\",\"Story\"]}', '[]', '2025-06-03 17:56:21.637000', '2025-06-03 17:56:21.637000', '2025-06-03 17:56:21.638000', NULL, NULL, NULL),
(113, 'f5haq9qar3kscwp816kfcq6j', 'plugin::content-manager.explorer.read', '{}', 'api::content.content', '{\"fields\":[\"Slogan\",\"Story\"]}', '[]', '2025-06-03 17:56:21.645000', '2025-06-03 17:56:21.645000', '2025-06-03 17:56:21.646000', NULL, NULL, NULL),
(114, 'nf4wm3bhn4aqgczxeagmf5it', 'plugin::content-manager.explorer.update', '{}', 'api::content.content', '{\"fields\":[\"Slogan\",\"Story\"]}', '[]', '2025-06-03 17:56:21.649000', '2025-06-03 17:56:21.649000', '2025-06-03 17:56:21.649000', NULL, NULL, NULL),
(115, 'evpul20pndeg4whlfwkdoe5q', 'plugin::content-manager.explorer.delete', '{}', 'api::content.content', '{}', '[]', '2025-06-03 17:56:21.651000', '2025-06-03 17:56:21.651000', '2025-06-03 17:56:21.651000', NULL, NULL, NULL),
(116, 'pj8psoghrsjw32j8tznocb3p', 'plugin::content-manager.explorer.publish', '{}', 'api::content.content', '{}', '[]', '2025-06-03 17:56:21.655000', '2025-06-03 17:56:21.655000', '2025-06-03 17:56:21.655000', NULL, NULL, NULL),
(117, 'gx0spafzmfy78qe2bzwuybgs', 'plugin::content-manager.explorer.create', '{}', 'api::product.product', '{\"fields\":[\"Name\",\"Description\",\"Image\"]}', '[]', '2025-06-03 18:00:43.093000', '2025-06-03 18:00:43.093000', '2025-06-03 18:00:43.094000', NULL, NULL, NULL),
(118, 'roo90qkl3ank75gxk0lumg11', 'plugin::content-manager.explorer.read', '{}', 'api::product.product', '{\"fields\":[\"Name\",\"Description\",\"Image\"]}', '[]', '2025-06-03 18:00:43.100000', '2025-06-03 18:00:43.100000', '2025-06-03 18:00:43.100000', NULL, NULL, NULL),
(119, 'lb6k0p2f0vi6sv7c1j3ufvz3', 'plugin::content-manager.explorer.update', '{}', 'api::product.product', '{\"fields\":[\"Name\",\"Description\",\"Image\"]}', '[]', '2025-06-03 18:00:43.104000', '2025-06-03 18:00:43.104000', '2025-06-03 18:00:43.104000', NULL, NULL, NULL),
(120, 'xp5t079ttuh75kn6xpss9x8y', 'plugin::content-manager.explorer.delete', '{}', 'api::product.product', '{}', '[]', '2025-06-03 18:00:43.108000', '2025-06-03 18:00:43.108000', '2025-06-03 18:00:43.109000', NULL, NULL, NULL),
(121, 'djxhp864agir9k6jrzood2p9', 'plugin::content-manager.explorer.publish', '{}', 'api::product.product', '{}', '[]', '2025-06-03 18:00:43.112000', '2025-06-03 18:00:43.112000', '2025-06-03 18:00:43.112000', NULL, NULL, NULL),
(122, 'hsj2dvgcihiysgsun9yhly2h', 'plugin::content-manager.explorer.create', '{}', 'api::product-type.product-type', '{\"fields\":[\"Name\",\"Description\"]}', '[]', '2025-06-03 18:07:14.494000', '2025-06-03 18:07:14.494000', '2025-06-03 18:07:14.495000', NULL, NULL, NULL),
(123, 'twazjg86d5vyl6e4xihwnyws', 'plugin::content-manager.explorer.read', '{}', 'api::product-type.product-type', '{\"fields\":[\"Name\",\"Description\"]}', '[]', '2025-06-03 18:07:14.503000', '2025-06-03 18:07:14.503000', '2025-06-03 18:07:14.504000', NULL, NULL, NULL),
(124, 'phhqj0sx7ytjay53b0oxncpc', 'plugin::content-manager.explorer.update', '{}', 'api::product-type.product-type', '{\"fields\":[\"Name\",\"Description\"]}', '[]', '2025-06-03 18:07:14.507000', '2025-06-03 18:07:14.507000', '2025-06-03 18:07:14.507000', NULL, NULL, NULL),
(125, 'i0z6zzqo9i296ihpm3or4u3d', 'plugin::content-manager.explorer.delete', '{}', 'api::product-type.product-type', '{}', '[]', '2025-06-03 18:07:14.510000', '2025-06-03 18:07:14.510000', '2025-06-03 18:07:14.510000', NULL, NULL, NULL),
(126, 'zswnt9cujapwhb9f8hdkmm0l', 'plugin::content-manager.explorer.publish', '{}', 'api::product-type.product-type', '{}', '[]', '2025-06-03 18:07:14.513000', '2025-06-03 18:07:14.513000', '2025-06-03 18:07:14.513000', NULL, NULL, NULL),
(130, 'xhy1ny7ba5w8ta0rfstpitn4', 'plugin::content-manager.explorer.create', '{}', 'api::recipe-detail.recipe-detail', '{\"fields\":[\"Name\",\"Ingredients\",\"Description\",\"Image\"]}', '[]', '2025-06-03 18:13:33.903000', '2025-06-03 18:13:33.903000', '2025-06-03 18:13:33.905000', NULL, NULL, NULL),
(131, 'afnzc6p12zy2w4d16jx1mjj3', 'plugin::content-manager.explorer.read', '{}', 'api::recipe-detail.recipe-detail', '{\"fields\":[\"Name\",\"Ingredients\",\"Description\",\"Image\"]}', '[]', '2025-06-03 18:13:33.913000', '2025-06-03 18:13:33.913000', '2025-06-03 18:13:33.913000', NULL, NULL, NULL),
(132, 'okt1enxpvken52my1mjn2lm9', 'plugin::content-manager.explorer.update', '{}', 'api::recipe-detail.recipe-detail', '{\"fields\":[\"Name\",\"Ingredients\",\"Description\",\"Image\"]}', '[]', '2025-06-03 18:13:33.916000', '2025-06-03 18:13:33.916000', '2025-06-03 18:13:33.916000', NULL, NULL, NULL),
(133, 'k82asv7ykokz99yxsess0g4f', 'plugin::content-manager.explorer.delete', '{}', 'api::recipe-detail.recipe-detail', '{}', '[]', '2025-06-03 18:13:33.918000', '2025-06-03 18:13:33.918000', '2025-06-03 18:13:33.918000', NULL, NULL, NULL),
(134, 'nx1xujykxnfmfdxlupoermj5', 'plugin::content-manager.explorer.publish', '{}', 'api::recipe-detail.recipe-detail', '{}', '[]', '2025-06-03 18:13:33.922000', '2025-06-03 18:13:33.922000', '2025-06-03 18:13:33.922000', NULL, NULL, NULL),
(135, 'k2ua2jkzjrh0hwf65vf3tstg', 'plugin::content-manager.explorer.create', '{}', 'api::recipe.recipe', '{\"fields\":[\"Name\",\"Category\",\"Image\"]}', '[]', '2025-06-03 18:15:16.484000', '2025-06-03 18:15:16.484000', '2025-06-03 18:15:16.485000', NULL, NULL, NULL),
(136, 'qhrgr6lsb0bkqdxkmoa75h1w', 'plugin::content-manager.explorer.read', '{}', 'api::recipe.recipe', '{\"fields\":[\"Name\",\"Category\",\"Image\"]}', '[]', '2025-06-03 18:15:16.491000', '2025-06-03 18:15:16.491000', '2025-06-03 18:15:16.491000', NULL, NULL, NULL),
(137, 'n35ftuy8b2m19yl16bvr2num', 'plugin::content-manager.explorer.update', '{}', 'api::recipe.recipe', '{\"fields\":[\"Name\",\"Category\",\"Image\"]}', '[]', '2025-06-03 18:15:16.494000', '2025-06-03 18:15:16.494000', '2025-06-03 18:15:16.494000', NULL, NULL, NULL),
(138, 'qcxt2zaq1o4f178wtdsguqt8', 'plugin::content-manager.explorer.create', '{}', 'api::distributor.distributor', '{\"fields\":[\"Name\",\"Location\",\"Number\",\"City\",\"Province\",\"Subdistrict\"]}', '[]', '2025-06-03 18:19:45.737000', '2025-06-03 18:19:45.737000', '2025-06-03 18:19:45.738000', NULL, NULL, NULL),
(139, 'd1gqbgk19sfbr7och75t7y4t', 'plugin::content-manager.explorer.read', '{}', 'api::distributor.distributor', '{\"fields\":[\"Name\",\"Location\",\"Number\",\"City\",\"Province\",\"Subdistrict\"]}', '[]', '2025-06-03 18:19:45.745000', '2025-06-03 18:19:45.745000', '2025-06-03 18:19:45.745000', NULL, NULL, NULL),
(140, 'i840yw6jwb9jv750zc1xr7mr', 'plugin::content-manager.explorer.update', '{}', 'api::distributor.distributor', '{\"fields\":[\"Name\",\"Location\",\"Number\",\"City\",\"Province\",\"Subdistrict\"]}', '[]', '2025-06-03 18:19:45.748000', '2025-06-03 18:19:45.748000', '2025-06-03 18:19:45.748000', NULL, NULL, NULL),
(141, 'n9emm8e3gw49c9cumgb108g6', 'plugin::content-manager.explorer.delete', '{}', 'api::distributor.distributor', '{}', '[]', '2025-06-03 18:19:45.750000', '2025-06-03 18:19:45.750000', '2025-06-03 18:19:45.751000', NULL, NULL, NULL),
(142, 'x1f2vg8gojm25zbph15spfog', 'plugin::content-manager.explorer.publish', '{}', 'api::distributor.distributor', '{}', '[]', '2025-06-03 18:19:45.754000', '2025-06-03 18:19:45.754000', '2025-06-03 18:19:45.755000', NULL, NULL, NULL);

-- --------------------------------------------------------

--
-- Table structure for table `admin_permissions_role_lnk`
--

CREATE TABLE `admin_permissions_role_lnk` (
  `id` int(10) UNSIGNED NOT NULL,
  `permission_id` int(10) UNSIGNED DEFAULT NULL,
  `role_id` int(10) UNSIGNED DEFAULT NULL,
  `permission_ord` double UNSIGNED DEFAULT NULL
) ENGINE=InnoDB DEFAULT CHARSET=utf8mb4 COLLATE=utf8mb4_general_ci;

--
-- Dumping data for table `admin_permissions_role_lnk`
--

INSERT INTO `admin_permissions_role_lnk` (`id`, `permission_id`, `role_id`, `permission_ord`) VALUES
(6, 6, 2, 6),
(7, 7, 2, 7),
(8, 8, 2, 8),
(9, 9, 2, 9),
(10, 10, 2, 10),
(11, 11, 2, 11),
(16, 16, 3, 5),
(17, 17, 3, 6),
(18, 18, 3, 7),
(19, 19, 3, 8),
(20, 20, 3, 9),
(21, 21, 3, 10),
(23, 23, 1, 2),
(25, 25, 1, 4),
(27, 27, 1, 6),
(29, 29, 1, 8),
(31, 31, 1, 10),
(32, 32, 1, 11),
(33, 33, 1, 12),
(34, 34, 1, 13),
(35, 35, 1, 14),
(36, 36, 1, 15),
(37, 37, 1, 16),
(38, 38, 1, 17),
(39, 39, 1, 18),
(40, 40, 1, 19),
(41, 41, 1, 20),
(42, 42, 1, 21),
(43, 43, 1, 22),
(44, 44, 1, 23),
(45, 45, 1, 24),
(46, 46, 1, 25),
(47, 47, 1, 26),
(48, 48, 1, 27),
(49, 49, 1, 28),
(50, 50, 1, 29),
(51, 51, 1, 30),
(52, 52, 1, 31),
(53, 53, 1, 32),
(54, 54, 1, 33),
(55, 55, 1, 34),
(56, 56, 1, 35),
(57, 57, 1, 36),
(58, 58, 1, 37),
(59, 59, 1, 38),
(60, 60, 1, 39),
(61, 61, 1, 40),
(62, 62, 1, 41),
(63, 63, 1, 42),
(64, 64, 1, 43),
(65, 65, 1, 44),
(66, 66, 1, 45),
(67, 67, 1, 46),
(68, 68, 1, 47),
(69, 69, 1, 48),
(70, 70, 1, 49),
(71, 71, 1, 50),
(72, 72, 1, 51),
(73, 73, 1, 52),
(74, 74, 1, 53),
(75, 75, 1, 54),
(76, 76, 1, 55),
(77, 77, 1, 56),
(78, 78, 1, 57),
(79, 79, 1, 58),
(80, 80, 1, 59),
(81, 81, 1, 60),
(82, 82, 1, 61),
(83, 83, 1, 62),
(84, 84, 1, 63),
(107, 107, 1, 83),
(108, 108, 1, 84),
(112, 112, 1, 88),
(113, 113, 1, 89),
(114, 114, 1, 90),
(115, 115, 1, 91),
(116, 116, 1, 92),
(117, 117, 1, 93),
(118, 118, 1, 94),
(119, 119, 1, 95),
(120, 120, 1, 96),
(121, 121, 1, 97),
(122, 122, 1, 98),
(123, 123, 1, 99),
(124, 124, 1, 100),
(125, 125, 1, 101),
(126, 126, 1, 102),
(130, 130, 1, 106),
(131, 131, 1, 107),
(132, 132, 1, 108),
(133, 133, 1, 109),
(134, 134, 1, 110),
(135, 135, 1, 111),
(136, 136, 1, 112),
(137, 137, 1, 113),
(138, 138, 1, 114),
(139, 139, 1, 115),
(140, 140, 1, 116),
(141, 141, 1, 117),
(142, 142, 1, 118);

-- --------------------------------------------------------

--
-- Table structure for table `admin_roles`
--

CREATE TABLE `admin_roles` (
  `id` int(10) UNSIGNED NOT NULL,
  `document_id` varchar(255) DEFAULT NULL,
  `name` varchar(255) DEFAULT NULL,
  `code` varchar(255) DEFAULT NULL,
  `description` varchar(255) DEFAULT NULL,
  `created_at` datetime(6) DEFAULT NULL,
  `updated_at` datetime(6) DEFAULT NULL,
  `published_at` datetime(6) DEFAULT NULL,
  `created_by_id` int(10) UNSIGNED DEFAULT NULL,
  `updated_by_id` int(10) UNSIGNED DEFAULT NULL,
  `locale` varchar(255) DEFAULT NULL
) ENGINE=InnoDB DEFAULT CHARSET=utf8mb4 COLLATE=utf8mb4_general_ci;

--
-- Dumping data for table `admin_roles`
--

INSERT INTO `admin_roles` (`id`, `document_id`, `name`, `code`, `description`, `created_at`, `updated_at`, `published_at`, `created_by_id`, `updated_by_id`, `locale`) VALUES
(1, 'fvt0t728ogx6p2ftshrp3rpu', 'Super Admin', 'strapi-super-admin', 'Super Admins can access and manage all features and settings.', '2025-05-30 11:21:06.451000', '2025-05-30 11:21:06.451000', '2025-05-30 11:21:06.451000', NULL, NULL, NULL),
(2, 'dtbqi9v93sxoxpftq8mpr11v', 'Editor', 'strapi-editor', 'Editors can manage and publish contents including those of other users.', '2025-05-30 11:21:06.454000', '2025-05-30 11:21:06.454000', '2025-05-30 11:21:06.454000', NULL, NULL, NULL),
(3, 'w3kdxkzgv1fzcys3stu0hu71', 'Author', 'strapi-author', 'Authors can manage the content they have created.', '2025-05-30 11:21:06.456000', '2025-05-30 11:21:06.456000', '2025-05-30 11:21:06.456000', NULL, NULL, NULL);

-- --------------------------------------------------------

--
-- Table structure for table `admin_users_roles_lnk`
--

CREATE TABLE `admin_users_roles_lnk` (
  `id` int(10) UNSIGNED NOT NULL,
  `user_id` int(10) UNSIGNED DEFAULT NULL,
  `role_id` int(10) UNSIGNED DEFAULT NULL,
  `role_ord` double UNSIGNED DEFAULT NULL,
  `user_ord` double UNSIGNED DEFAULT NULL
) ENGINE=InnoDB DEFAULT CHARSET=utf8mb4 COLLATE=utf8mb4_general_ci;

--
-- Dumping data for table `admin_users_roles_lnk`
--

INSERT INTO `admin_users_roles_lnk` (`id`, `user_id`, `role_id`, `role_ord`, `user_ord`) VALUES
(1, 1, 1, 1, 1);

-- --------------------------------------------------------

--
-- Table structure for table `contents`
--

CREATE TABLE `contents` (
  `id` int(10) UNSIGNED NOT NULL,
  `document_id` varchar(255) DEFAULT NULL,
  `slogan` longtext DEFAULT NULL,
  `story` longtext DEFAULT NULL,
  `created_at` datetime(6) DEFAULT NULL,
  `updated_at` datetime(6) DEFAULT NULL,
  `published_at` datetime(6) DEFAULT NULL,
  `created_by_id` int(10) UNSIGNED DEFAULT NULL,
  `updated_by_id` int(10) UNSIGNED DEFAULT NULL,
  `locale` varchar(255) DEFAULT NULL
) ENGINE=InnoDB DEFAULT CHARSET=utf8mb4 COLLATE=utf8mb4_general_ci;

--
-- Dumping data for table `contents`
--

INSERT INTO `contents` (`id`, `document_id`, `slogan`, `story`, `created_at`, `updated_at`, `published_at`, `created_by_id`, `updated_by_id`, `locale`) VALUES
(1, 'i5lny6ltycolxew94serdn1d', 'Sudah matang tinggal makan.\nPraktis dimakan kapan pun dan di mana pun', 'Didirikan pada tahun 1999...', '2025-06-03 17:57:37.835000', '2025-06-03 17:57:37.835000', NULL, 1, 1, NULL),
(2, 'i5lny6ltycolxew94serdn1d', 'Sudah matang tinggal makan.\nPraktis dimakan kapan pun dan di mana pun', 'Didirikan pada tahun 1999...', '2025-06-03 17:57:37.835000', '2025-06-03 17:57:37.835000', '2025-06-03 17:57:37.857000', 1, 1, NULL);

-- --------------------------------------------------------

--
-- Table structure for table `distributors`
--

CREATE TABLE `distributors` (
  `id` int(10) UNSIGNED NOT NULL,
  `document_id` varchar(255) DEFAULT NULL,
  `name` varchar(255) DEFAULT NULL,
  `location` longtext DEFAULT NULL,
  `number` longtext DEFAULT NULL,
  `city` varchar(255) DEFAULT NULL,
  `province` varchar(255) DEFAULT NULL,
  `subdistrict` varchar(255) DEFAULT NULL,
  `created_at` datetime(6) DEFAULT NULL,
  `updated_at` datetime(6) DEFAULT NULL,
  `published_at` datetime(6) DEFAULT NULL,
  `created_by_id` int(10) UNSIGNED DEFAULT NULL,
  `updated_by_id` int(10) UNSIGNED DEFAULT NULL,
  `locale` varchar(255) DEFAULT NULL
) ENGINE=InnoDB DEFAULT CHARSET=utf8mb4 COLLATE=utf8mb4_general_ci;

--
-- Dumping data for table `distributors`
--

INSERT INTO `distributors` (`id`, `document_id`, `name`, `location`, `number`, `city`, `province`, `subdistrict`, `created_at`, `updated_at`, `published_at`, `created_by_id`, `updated_by_id`, `locale`) VALUES
(1, 'xiqgbylnnwdf3m1r55k2fwsw', 'Kanzler Sleman', 'Jl. Sleman 71. Wonokromo', '0898231231237', 'Sleman', 'Yogyakarta', 'Margoharjo', '2025-06-03 18:20:53.567000', '2025-06-03 18:20:53.567000', NULL, 1, 1, NULL),
(2, 'xiqgbylnnwdf3m1r55k2fwsw', 'Kanzler Sleman', 'Jl. Sleman 71. Wonokromo', '0898231231237', 'Sleman', 'Yogyakarta', 'Margoharjo', '2025-06-03 18:20:53.567000', '2025-06-03 18:20:53.567000', '2025-06-03 18:20:53.577000', 1, 1, NULL);

-- --------------------------------------------------------

--
-- Table structure for table `files_folder_lnk`
--

CREATE TABLE `files_folder_lnk` (
  `id` int(10) UNSIGNED NOT NULL,
  `file_id` int(10) UNSIGNED DEFAULT NULL,
  `folder_id` int(10) UNSIGNED DEFAULT NULL,
  `file_ord` double UNSIGNED DEFAULT NULL
) ENGINE=InnoDB DEFAULT CHARSET=utf8mb4 COLLATE=utf8mb4_general_ci;

-- --------------------------------------------------------

--
-- Table structure for table `files_related_mph`
--

CREATE TABLE `files_related_mph` (
  `id` int(10) UNSIGNED NOT NULL,
  `file_id` int(10) UNSIGNED DEFAULT NULL,
  `related_id` int(10) UNSIGNED DEFAULT NULL,
  `related_type` varchar(255) DEFAULT NULL,
  `field` varchar(255) DEFAULT NULL,
  `order` double UNSIGNED DEFAULT NULL
) ENGINE=InnoDB DEFAULT CHARSET=utf8mb4 COLLATE=utf8mb4_general_ci;

--
-- Dumping data for table `files_related_mph`
--

INSERT INTO `files_related_mph` (`id`, `file_id`, `related_id`, `related_type`, `field`, `order`) VALUES
(1, 1, 1, 'api::image.image', 'Gambar', 1),
(2, 1, 2, 'api::image.image', 'Gambar', 1),
(3, 1, 1, 'api::product.product', 'Image', 1),
(4, 1, 2, 'api::product.product', 'Image', 1),
(5, 1, 1, 'api::recipe.recipe', 'Image', 1),
(6, 1, 3, 'api::recipe.recipe', 'Image', 1),
(7, 1, 4, 'api::recipe.recipe', 'Image', 1),
(8, 1, 5, 'api::recipe.recipe', 'Image', 1),
(9, 1, 6, 'api::recipe.recipe', 'Image', 1),
(10, 1, 7, 'api::recipe.recipe', 'Image', 1),
(11, 1, 8, 'api::recipe.recipe', 'Image', 1),
(12, 1, 9, 'api::recipe.recipe', 'Image', 1),
(13, 1, 1, 'api::recipe-detail.recipe-detail', 'Image', 1),
(14, 1, 2, 'api::recipe-detail.recipe-detail', 'Image', 1);

-- --------------------------------------------------------

--
-- Table structure for table `i18n_locale`
--

CREATE TABLE `i18n_locale` (
  `id` int(10) UNSIGNED NOT NULL,
  `document_id` varchar(255) DEFAULT NULL,
  `name` varchar(255) DEFAULT NULL,
  `code` varchar(255) DEFAULT NULL,
  `created_at` datetime(6) DEFAULT NULL,
  `updated_at` datetime(6) DEFAULT NULL,
  `published_at` datetime(6) DEFAULT NULL,
  `created_by_id` int(10) UNSIGNED DEFAULT NULL,
  `updated_by_id` int(10) UNSIGNED DEFAULT NULL,
  `locale` varchar(255) DEFAULT NULL
) ENGINE=InnoDB DEFAULT CHARSET=utf8mb4 COLLATE=utf8mb4_general_ci;

--
-- Dumping data for table `i18n_locale`
--

INSERT INTO `i18n_locale` (`id`, `document_id`, `name`, `code`, `created_at`, `updated_at`, `published_at`, `created_by_id`, `updated_by_id`, `locale`) VALUES
(1, 'kt30npiamyhbwf97pjkmizaj', 'English (en)', 'en', '2025-05-30 11:21:06.397000', '2025-05-30 11:21:06.397000', '2025-05-30 11:21:06.397000', NULL, NULL, NULL);

-- --------------------------------------------------------

--
-- Table structure for table `products`
--

CREATE TABLE `products` (
  `id` int(10) UNSIGNED NOT NULL,
  `document_id` varchar(255) DEFAULT NULL,
  `name` varchar(255) DEFAULT NULL,
  `description` longtext DEFAULT NULL,
  `created_at` datetime(6) DEFAULT NULL,
  `updated_at` datetime(6) DEFAULT NULL,
  `published_at` datetime(6) DEFAULT NULL,
  `created_by_id` int(10) UNSIGNED DEFAULT NULL,
  `updated_by_id` int(10) UNSIGNED DEFAULT NULL,
  `locale` varchar(255) DEFAULT NULL
) ENGINE=InnoDB DEFAULT CHARSET=utf8mb4 COLLATE=utf8mb4_general_ci;

--
-- Dumping data for table `products`
--

INSERT INTO `products` (`id`, `document_id`, `name`, `description`, `created_at`, `updated_at`, `published_at`, `created_by_id`, `updated_by_id`, `locale`) VALUES
(1, 'af2crj1qzewkpu6gr86uocf4', 'Sosis Gochujang', 'Sosis Siap Makan ...', '2025-06-03 18:01:22.218000', '2025-06-03 18:01:22.218000', NULL, 1, 1, NULL),
(2, 'af2crj1qzewkpu6gr86uocf4', 'Sosis Gochujang', 'Sosis Siap Makan ...', '2025-06-03 18:01:22.218000', '2025-06-03 18:01:22.218000', '2025-06-03 18:01:22.267000', 1, 1, NULL);

-- --------------------------------------------------------

--
-- Table structure for table `product_types`
--

CREATE TABLE `product_types` (
  `id` int(10) UNSIGNED NOT NULL,
  `document_id` varchar(255) DEFAULT NULL,
  `name` varchar(255) DEFAULT NULL,
  `description` longtext DEFAULT NULL,
  `created_at` datetime(6) DEFAULT NULL,
  `updated_at` datetime(6) DEFAULT NULL,
  `published_at` datetime(6) DEFAULT NULL,
  `created_by_id` int(10) UNSIGNED DEFAULT NULL,
  `updated_by_id` int(10) UNSIGNED DEFAULT NULL,
  `locale` varchar(255) DEFAULT NULL
) ENGINE=InnoDB DEFAULT CHARSET=utf8mb4 COLLATE=utf8mb4_general_ci;

--
-- Dumping data for table `product_types`
--

INSERT INTO `product_types` (`id`, `document_id`, `name`, `description`, `created_at`, `updated_at`, `published_at`, `created_by_id`, `updated_by_id`, `locale`) VALUES
(1, 'wdeecdvr73x0jv8j0g4iylwa', 'Bakso Sosis', 'Sosis Siap ...', '2025-06-03 18:07:58.165000', '2025-06-03 18:07:58.165000', NULL, 1, 1, NULL),
(2, 'wdeecdvr73x0jv8j0g4iylwa', 'Bakso Sosis', 'Sosis Siap ...', '2025-06-03 18:07:58.165000', '2025-06-03 18:07:58.165000', '2025-06-03 18:07:58.175000', 1, 1, NULL),
(3, 'cnatuts2ef1wjbipqeu70rcq', 'Nugget', 'Nugget lorem ipsul dolor sit amet ..', '2025-06-03 18:08:17.302000', '2025-06-03 18:08:17.302000', NULL, 1, 1, NULL),
(4, 'cnatuts2ef1wjbipqeu70rcq', 'Nugget', 'Nugget lorem ipsul dolor sit amet ..', '2025-06-03 18:08:17.302000', '2025-06-03 18:08:17.302000', '2025-06-03 18:08:17.309000', 1, 1, NULL);

-- --------------------------------------------------------

--
-- Table structure for table `recipes`
--

CREATE TABLE `recipes` (
  `id` int(10) UNSIGNED NOT NULL,
  `document_id` varchar(255) DEFAULT NULL,
  `name` varchar(255) DEFAULT NULL,
  `created_at` datetime(6) DEFAULT NULL,
  `updated_at` datetime(6) DEFAULT NULL,
  `published_at` datetime(6) DEFAULT NULL,
  `created_by_id` int(10) UNSIGNED DEFAULT NULL,
  `updated_by_id` int(10) UNSIGNED DEFAULT NULL,
  `locale` varchar(255) DEFAULT NULL,
  `category` varchar(255) DEFAULT NULL
) ENGINE=InnoDB DEFAULT CHARSET=utf8mb4 COLLATE=utf8mb4_general_ci;

--
-- Dumping data for table `recipes`
--

INSERT INTO `recipes` (`id`, `document_id`, `name`, `created_at`, `updated_at`, `published_at`, `created_by_id`, `updated_by_id`, `locale`, `category`) VALUES
(1, 'g86v7s93al6kjo5xenwoifzd', 'Sosis Kriuk', '2025-05-30 15:11:58.306000', '2025-06-03 18:16:22.160000', NULL, 1, 1, NULL, 'Kanzler Homepack'),
(3, 'g86v7s93al6kjo5xenwoifzd', 'Sosis Kriuk', '2025-05-30 15:11:58.306000', '2025-06-03 18:16:22.160000', '2025-06-03 18:16:22.194000', 1, 1, NULL, 'Kanzler Homepack'),
(4, 'sw91oihivzhatl6slq86408y', 'Nuget Sambal', '2025-06-03 18:16:47.423000', '2025-06-03 18:16:47.423000', NULL, 1, 1, NULL, 'Kanzler Nuget'),
(5, 'sw91oihivzhatl6slq86408y', 'Nuget Sambal', '2025-06-03 18:16:47.423000', '2025-06-03 18:16:47.423000', '2025-06-03 18:16:47.469000', 1, 1, NULL, 'Kanzler Nuget'),
(6, 'm2gu7pun7hzrwv5nejsfo43d', 'Sambal Kanzler', '2025-06-03 18:17:12.987000', '2025-06-03 18:17:12.987000', NULL, 1, 1, NULL, 'Kanzler Singles'),
(7, 'm2gu7pun7hzrwv5nejsfo43d', 'Sambal Kanzler', '2025-06-03 18:17:12.987000', '2025-06-03 18:17:12.987000', '2025-06-03 18:17:13.023000', 1, 1, NULL, 'Kanzler Singles'),
(8, 'yjjzjsvn4dqn5xq3wf3ww24e', 'Nuget Goreng', '2025-06-03 18:17:38.697000', '2025-06-03 18:17:38.697000', NULL, 1, 1, NULL, 'Kanzler Singles'),
(9, 'yjjzjsvn4dqn5xq3wf3ww24e', 'Nuget Goreng', '2025-06-03 18:17:38.697000', '2025-06-03 18:17:38.697000', '2025-06-03 18:17:38.738000', 1, 1, NULL, 'Kanzler Singles');

-- --------------------------------------------------------

--
-- Table structure for table `recipe_details`
--

CREATE TABLE `recipe_details` (
  `id` int(10) UNSIGNED NOT NULL,
  `document_id` varchar(255) DEFAULT NULL,
  `name` varchar(255) DEFAULT NULL,
  `ingredients` longtext DEFAULT NULL,
  `description` longtext DEFAULT NULL,
  `created_at` datetime(6) DEFAULT NULL,
  `updated_at` datetime(6) DEFAULT NULL,
  `published_at` datetime(6) DEFAULT NULL,
  `created_by_id` int(10) UNSIGNED DEFAULT NULL,
  `updated_by_id` int(10) UNSIGNED DEFAULT NULL,
  `locale` varchar(255) DEFAULT NULL
) ENGINE=InnoDB DEFAULT CHARSET=utf8mb4 COLLATE=utf8mb4_general_ci;

--
-- Dumping data for table `recipe_details`
--

INSERT INTO `recipe_details` (`id`, `document_id`, `name`, `ingredients`, `description`, `created_at`, `updated_at`, `published_at`, `created_by_id`, `updated_by_id`, `locale`) VALUES
(1, 'q3u8vj380yzet6z8r3aiba94', 'Sosis Kriuk', '1. Bawang\n2. Sosis\n3. Tepung', '1. Iris sosis tipis\n2. .....', '2025-06-03 18:18:20.136000', '2025-06-03 18:18:20.136000', NULL, 1, 1, NULL),
(2, 'q3u8vj380yzet6z8r3aiba94', 'Sosis Kriuk', '1. Bawang\n2. Sosis\n3. Tepung', '1. Iris sosis tipis\n2. .....', '2025-06-03 18:18:20.136000', '2025-06-03 18:18:20.136000', '2025-06-03 18:18:20.174000', 1, 1, NULL);

-- --------------------------------------------------------

--
-- Table structure for table `strapi_api_token_permissions`
--

CREATE TABLE `strapi_api_token_permissions` (
  `id` int(10) UNSIGNED NOT NULL,
  `document_id` varchar(255) DEFAULT NULL,
  `action` varchar(255) DEFAULT NULL,
  `created_at` datetime(6) DEFAULT NULL,
  `updated_at` datetime(6) DEFAULT NULL,
  `published_at` datetime(6) DEFAULT NULL,
  `created_by_id` int(10) UNSIGNED DEFAULT NULL,
  `updated_by_id` int(10) UNSIGNED DEFAULT NULL,
  `locale` varchar(255) DEFAULT NULL
) ENGINE=InnoDB DEFAULT CHARSET=utf8mb4 COLLATE=utf8mb4_general_ci;

-- --------------------------------------------------------

--
-- Table structure for table `strapi_history_versions`
--

CREATE TABLE `strapi_history_versions` (
  `id` int(10) UNSIGNED NOT NULL,
  `content_type` varchar(255) NOT NULL,
  `related_document_id` varchar(255) DEFAULT NULL,
  `locale` varchar(255) DEFAULT NULL,
  `status` varchar(255) DEFAULT NULL,
  `data` longtext CHARACTER SET utf8mb4 COLLATE utf8mb4_bin DEFAULT NULL CHECK (json_valid(`data`)),
  `schema` longtext CHARACTER SET utf8mb4 COLLATE utf8mb4_bin DEFAULT NULL CHECK (json_valid(`schema`)),
  `created_at` datetime(6) DEFAULT NULL,
  `created_by_id` int(10) UNSIGNED DEFAULT NULL
) ENGINE=InnoDB DEFAULT CHARSET=utf8mb4 COLLATE=utf8mb4_general_ci;

-- --------------------------------------------------------

--
-- Table structure for table `strapi_migrations`
--

CREATE TABLE `strapi_migrations` (
  `id` int(10) UNSIGNED NOT NULL,
  `name` varchar(255) DEFAULT NULL,
  `time` datetime DEFAULT NULL
) ENGINE=InnoDB DEFAULT CHARSET=utf8mb4 COLLATE=utf8mb4_general_ci;

-- --------------------------------------------------------

--
-- Table structure for table `strapi_migrations_internal`
--

CREATE TABLE `strapi_migrations_internal` (
  `id` int(10) UNSIGNED NOT NULL,
  `name` varchar(255) DEFAULT NULL,
  `time` datetime DEFAULT NULL
) ENGINE=InnoDB DEFAULT CHARSET=utf8mb4 COLLATE=utf8mb4_general_ci;

--
-- Dumping data for table `strapi_migrations_internal`
--

INSERT INTO `strapi_migrations_internal` (`id`, `name`, `time`) VALUES
(1, '5.0.0-rename-identifiers-longer-than-max-length', '2025-05-30 11:21:05'),
(2, '5.0.0-02-created-document-id', '2025-05-30 11:21:05'),
(3, '5.0.0-03-created-locale', '2025-05-30 11:21:05'),
(4, '5.0.0-04-created-published-at', '2025-05-30 11:21:05'),
(5, '5.0.0-05-drop-slug-fields-index', '2025-05-30 11:21:05'),
(6, 'core::5.0.0-discard-drafts', '2025-05-30 11:21:05');

-- --------------------------------------------------------

--
-- Table structure for table `strapi_releases`
--

CREATE TABLE `strapi_releases` (
  `id` int(10) UNSIGNED NOT NULL,
  `document_id` varchar(255) DEFAULT NULL,
  `name` varchar(255) DEFAULT NULL,
  `released_at` datetime(6) DEFAULT NULL,
  `scheduled_at` datetime(6) DEFAULT NULL,
  `timezone` varchar(255) DEFAULT NULL,
  `status` varchar(255) DEFAULT NULL,
  `created_at` datetime(6) DEFAULT NULL,
  `updated_at` datetime(6) DEFAULT NULL,
  `published_at` datetime(6) DEFAULT NULL,
  `created_by_id` int(10) UNSIGNED DEFAULT NULL,
  `updated_by_id` int(10) UNSIGNED DEFAULT NULL,
  `locale` varchar(255) DEFAULT NULL
) ENGINE=InnoDB DEFAULT CHARSET=utf8mb4 COLLATE=utf8mb4_general_ci;

-- --------------------------------------------------------

--
-- Table structure for table `strapi_release_actions`
--

CREATE TABLE `strapi_release_actions` (
  `id` int(10) UNSIGNED NOT NULL,
  `document_id` varchar(255) DEFAULT NULL,
  `type` varchar(255) DEFAULT NULL,
  `content_type` varchar(255) DEFAULT NULL,
  `entry_document_id` varchar(255) DEFAULT NULL,
  `locale` varchar(255) DEFAULT NULL,
  `is_entry_valid` tinyint(1) DEFAULT NULL,
  `created_at` datetime(6) DEFAULT NULL,
  `updated_at` datetime(6) DEFAULT NULL,
  `published_at` datetime(6) DEFAULT NULL,
  `created_by_id` int(10) UNSIGNED DEFAULT NULL,
  `updated_by_id` int(10) UNSIGNED DEFAULT NULL
) ENGINE=InnoDB DEFAULT CHARSET=utf8mb4 COLLATE=utf8mb4_general_ci;

-- --------------------------------------------------------

--
-- Table structure for table `strapi_release_actions_release_lnk`
--

CREATE TABLE `strapi_release_actions_release_lnk` (
  `id` int(10) UNSIGNED NOT NULL,
  `release_action_id` int(10) UNSIGNED DEFAULT NULL,
  `release_id` int(10) UNSIGNED DEFAULT NULL,
  `release_action_ord` double UNSIGNED DEFAULT NULL
) ENGINE=InnoDB DEFAULT CHARSET=utf8mb4 COLLATE=utf8mb4_general_ci;

-- --------------------------------------------------------

--
-- Table structure for table `strapi_transfer_token_permissions`
--

CREATE TABLE `strapi_transfer_token_permissions` (
  `id` int(10) UNSIGNED NOT NULL,
  `document_id` varchar(255) DEFAULT NULL,
  `action` varchar(255) DEFAULT NULL,
  `created_at` datetime(6) DEFAULT NULL,
  `updated_at` datetime(6) DEFAULT NULL,
  `published_at` datetime(6) DEFAULT NULL,
  `created_by_id` int(10) UNSIGNED DEFAULT NULL,
  `updated_by_id` int(10) UNSIGNED DEFAULT NULL,
  `locale` varchar(255) DEFAULT NULL
) ENGINE=InnoDB DEFAULT CHARSET=utf8mb4 COLLATE=utf8mb4_general_ci;

-- --------------------------------------------------------

--
-- Table structure for table `strapi_transfer_token_permissions_token_lnk`
--

CREATE TABLE `strapi_transfer_token_permissions_token_lnk` (
  `id` int(10) UNSIGNED NOT NULL,
  `transfer_token_permission_id` int(10) UNSIGNED DEFAULT NULL,
  `transfer_token_id` int(10) UNSIGNED DEFAULT NULL,
  `transfer_token_permission_ord` double UNSIGNED DEFAULT NULL
) ENGINE=InnoDB DEFAULT CHARSET=utf8mb4 COLLATE=utf8mb4_general_ci;

-- --------------------------------------------------------

--
-- Table structure for table `strapi_webhooks`
--

CREATE TABLE `strapi_webhooks` (
  `id` int(10) UNSIGNED NOT NULL,
  `name` varchar(255) DEFAULT NULL,
  `url` longtext DEFAULT NULL,
  `headers` longtext CHARACTER SET utf8mb4 COLLATE utf8mb4_bin DEFAULT NULL CHECK (json_valid(`headers`)),
  `events` longtext CHARACTER SET utf8mb4 COLLATE utf8mb4_bin DEFAULT NULL CHECK (json_valid(`events`)),
  `enabled` tinyint(1) DEFAULT NULL
) ENGINE=InnoDB DEFAULT CHARSET=utf8mb4 COLLATE=utf8mb4_general_ci;

-- --------------------------------------------------------

--
-- Table structure for table `strapi_workflows`
--

CREATE TABLE `strapi_workflows` (
  `id` int(10) UNSIGNED NOT NULL,
  `document_id` varchar(255) DEFAULT NULL,
  `name` varchar(255) DEFAULT NULL,
  `content_types` longtext CHARACTER SET utf8mb4 COLLATE utf8mb4_bin DEFAULT NULL CHECK (json_valid(`content_types`)),
  `created_at` datetime(6) DEFAULT NULL,
  `updated_at` datetime(6) DEFAULT NULL,
  `published_at` datetime(6) DEFAULT NULL,
  `created_by_id` int(10) UNSIGNED DEFAULT NULL,
  `updated_by_id` int(10) UNSIGNED DEFAULT NULL,
  `locale` varchar(255) DEFAULT NULL
) ENGINE=InnoDB DEFAULT CHARSET=utf8mb4 COLLATE=utf8mb4_general_ci;

-- --------------------------------------------------------

--
-- Table structure for table `strapi_workflows_stages`
--

CREATE TABLE `strapi_workflows_stages` (
  `id` int(10) UNSIGNED NOT NULL,
  `document_id` varchar(255) DEFAULT NULL,
  `name` varchar(255) DEFAULT NULL,
  `color` varchar(255) DEFAULT NULL,
  `created_at` datetime(6) DEFAULT NULL,
  `updated_at` datetime(6) DEFAULT NULL,
  `published_at` datetime(6) DEFAULT NULL,
  `created_by_id` int(10) UNSIGNED DEFAULT NULL,
  `updated_by_id` int(10) UNSIGNED DEFAULT NULL,
  `locale` varchar(255) DEFAULT NULL
) ENGINE=InnoDB DEFAULT CHARSET=utf8mb4 COLLATE=utf8mb4_general_ci;

-- --------------------------------------------------------

--
-- Table structure for table `strapi_workflows_stages_permissions_lnk`
--

CREATE TABLE `strapi_workflows_stages_permissions_lnk` (
  `id` int(10) UNSIGNED NOT NULL,
  `workflow_stage_id` int(10) UNSIGNED DEFAULT NULL,
  `permission_id` int(10) UNSIGNED DEFAULT NULL,
  `permission_ord` double UNSIGNED DEFAULT NULL
) ENGINE=InnoDB DEFAULT CHARSET=utf8mb4 COLLATE=utf8mb4_general_ci;

-- --------------------------------------------------------

--
-- Table structure for table `strapi_workflows_stages_workflow_lnk`
--

CREATE TABLE `strapi_workflows_stages_workflow_lnk` (
  `id` int(10) UNSIGNED NOT NULL,
  `workflow_stage_id` int(10) UNSIGNED DEFAULT NULL,
  `workflow_id` int(10) UNSIGNED DEFAULT NULL,
  `workflow_stage_ord` double UNSIGNED DEFAULT NULL
) ENGINE=InnoDB DEFAULT CHARSET=utf8mb4 COLLATE=utf8mb4_general_ci;

-- --------------------------------------------------------

--
-- Table structure for table `strapi_workflows_stage_required_to_publish_lnk`
--

CREATE TABLE `strapi_workflows_stage_required_to_publish_lnk` (
  `id` int(10) UNSIGNED NOT NULL,
  `workflow_id` int(10) UNSIGNED DEFAULT NULL,
  `workflow_stage_id` int(10) UNSIGNED DEFAULT NULL
) ENGINE=InnoDB DEFAULT CHARSET=utf8mb4 COLLATE=utf8mb4_general_ci;

-- --------------------------------------------------------

--
-- Table structure for table `upload_folders`
--

CREATE TABLE `upload_folders` (
  `id` int(10) UNSIGNED NOT NULL,
  `document_id` varchar(255) DEFAULT NULL,
  `name` varchar(255) DEFAULT NULL,
  `path_id` int(11) DEFAULT NULL,
  `path` varchar(255) DEFAULT NULL,
  `created_at` datetime(6) DEFAULT NULL,
  `updated_at` datetime(6) DEFAULT NULL,
  `published_at` datetime(6) DEFAULT NULL,
  `created_by_id` int(10) UNSIGNED DEFAULT NULL,
  `updated_by_id` int(10) UNSIGNED DEFAULT NULL,
  `locale` varchar(255) DEFAULT NULL
) ENGINE=InnoDB DEFAULT CHARSET=utf8mb4 COLLATE=utf8mb4_general_ci;

-- --------------------------------------------------------

--
-- Table structure for table `upload_folders_parent_lnk`
--

CREATE TABLE `upload_folders_parent_lnk` (
  `id` int(10) UNSIGNED NOT NULL,
  `folder_id` int(10) UNSIGNED DEFAULT NULL,
  `inv_folder_id` int(10) UNSIGNED DEFAULT NULL,
  `folder_ord` double UNSIGNED DEFAULT NULL
) ENGINE=InnoDB DEFAULT CHARSET=utf8mb4 COLLATE=utf8mb4_general_ci;

-- --------------------------------------------------------

--
-- Table structure for table `up_permissions`
--

CREATE TABLE `up_permissions` (
  `id` int(10) UNSIGNED NOT NULL,
  `document_id` varchar(255) DEFAULT NULL,
  `action` varchar(255) DEFAULT NULL,
  `created_at` datetime(6) DEFAULT NULL,
  `updated_at` datetime(6) DEFAULT NULL,
  `published_at` datetime(6) DEFAULT NULL,
  `created_by_id` int(10) UNSIGNED DEFAULT NULL,
  `updated_by_id` int(10) UNSIGNED DEFAULT NULL,
  `locale` varchar(255) DEFAULT NULL
) ENGINE=InnoDB DEFAULT CHARSET=utf8mb4 COLLATE=utf8mb4_general_ci;

--
-- Dumping data for table `up_permissions`
--

INSERT INTO `up_permissions` (`id`, `document_id`, `action`, `created_at`, `updated_at`, `published_at`, `created_by_id`, `updated_by_id`, `locale`) VALUES
(1, 'm1uiuzx3gol7ca6njk662vtz', 'plugin::users-permissions.user.me', '2025-05-30 11:21:06.426000', '2025-05-30 11:21:06.426000', '2025-05-30 11:21:06.427000', NULL, NULL, NULL),
(2, 'cwh3w1iss36ofqutv9m3ar6v', 'plugin::users-permissions.auth.changePassword', '2025-05-30 11:21:06.426000', '2025-05-30 11:21:06.426000', '2025-05-30 11:21:06.427000', NULL, NULL, NULL),
(3, 'gfyqv6zgl15lnthukla92cc8', 'plugin::users-permissions.auth.callback', '2025-05-30 11:21:06.433000', '2025-05-30 11:21:06.433000', '2025-05-30 11:21:06.433000', NULL, NULL, NULL),
(4, 'kd7xqoef12eie4lkhjpnd8td', 'plugin::users-permissions.auth.connect', '2025-05-30 11:21:06.433000', '2025-05-30 11:21:06.433000', '2025-05-30 11:21:06.433000', NULL, NULL, NULL),
(5, 's4bqy97qsfz4j1lymrg19le4', 'plugin::users-permissions.auth.register', '2025-05-30 11:21:06.433000', '2025-05-30 11:21:06.433000', '2025-05-30 11:21:06.433000', NULL, NULL, NULL),
(6, 'm6pxl6382a4pkl0vciry8bby', 'plugin::users-permissions.auth.resetPassword', '2025-05-30 11:21:06.433000', '2025-05-30 11:21:06.433000', '2025-05-30 11:21:06.433000', NULL, NULL, NULL),
(7, 'a6fqyhv5rfakgl986g4ssr2d', 'plugin::users-permissions.auth.forgotPassword', '2025-05-30 11:21:06.433000', '2025-05-30 11:21:06.433000', '2025-05-30 11:21:06.433000', NULL, NULL, NULL),
(8, 'u43vjrp62xkxknjmd942tepu', 'plugin::users-permissions.auth.emailConfirmation', '2025-05-30 11:21:06.433000', '2025-05-30 11:21:06.433000', '2025-05-30 11:21:06.433000', NULL, NULL, NULL),
(9, 'gswk4cp0wdiu3u5go3yztva9', 'plugin::users-permissions.auth.sendEmailConfirmation', '2025-05-30 11:21:06.433000', '2025-05-30 11:21:06.433000', '2025-05-30 11:21:06.433000', NULL, NULL, NULL),
(21, 'csdv34v5ug2hz6bi8svhh1g4', 'api::recipe.recipe.find', '2025-05-30 15:14:51.413000', '2025-05-30 15:14:51.413000', '2025-05-30 15:14:51.414000', NULL, NULL, NULL),
(26, 'pw310610u0o9kli2svjjyt7l', 'api::content.content.find', '2025-06-03 17:58:44.763000', '2025-06-03 17:58:44.763000', '2025-06-03 17:58:44.763000', NULL, NULL, NULL),
(27, 'fbjvi3ui3r3bj900gv5us4eh', 'api::product.product.find', '2025-06-03 18:01:45.084000', '2025-06-03 18:01:45.084000', '2025-06-03 18:01:45.085000', NULL, NULL, NULL),
(32, 'z9po8inahabrei8zkgzsaeof', 'api::product-type.product-type.find', '2025-06-03 18:08:53.854000', '2025-06-03 18:08:53.854000', '2025-06-03 18:08:53.854000', NULL, NULL, NULL),
(33, 'ankqbczg4knv0toouga20ex1', 'api::distributor.distributor.find', '2025-06-03 18:23:05.550000', '2025-06-03 18:23:05.550000', '2025-06-03 18:23:05.551000', NULL, NULL, NULL),
(34, 'l4p3qx858ly00j25k6n8rr2n', 'api::recipe-detail.recipe-detail.find', '2025-06-03 18:23:05.550000', '2025-06-03 18:23:05.550000', '2025-06-03 18:23:05.551000', NULL, NULL, NULL),
(35, 'fi4461qf98vdtvtnwnn3age2', 'api::recipe-detail.recipe-detail.findOne', '2025-06-03 18:23:38.638000', '2025-06-03 18:23:38.638000', '2025-06-03 18:23:38.638000', NULL, NULL, NULL);

-- --------------------------------------------------------

--
-- Table structure for table `up_permissions_role_lnk`
--

CREATE TABLE `up_permissions_role_lnk` (
  `id` int(10) UNSIGNED NOT NULL,
  `permission_id` int(10) UNSIGNED DEFAULT NULL,
  `role_id` int(10) UNSIGNED DEFAULT NULL,
  `permission_ord` double UNSIGNED DEFAULT NULL
) ENGINE=InnoDB DEFAULT CHARSET=utf8mb4 COLLATE=utf8mb4_general_ci;

--
-- Dumping data for table `up_permissions_role_lnk`
--

INSERT INTO `up_permissions_role_lnk` (`id`, `permission_id`, `role_id`, `permission_ord`) VALUES
(1, 1, 1, 1),
(2, 2, 1, 1),
(3, 3, 2, 1),
(4, 5, 2, 1),
(5, 4, 2, 1),
(6, 6, 2, 1),
(7, 8, 2, 1),
(8, 7, 2, 1),
(9, 9, 2, 1),
(21, 21, 2, 5),
(26, 26, 2, 6),
(28, 27, 2, 7),
(32, 32, 2, 8),
(33, 34, 2, 9),
(34, 33, 2, 9),
(35, 35, 2, 10);

-- --------------------------------------------------------

--
-- Table structure for table `up_roles`
--

CREATE TABLE `up_roles` (
  `id` int(10) UNSIGNED NOT NULL,
  `document_id` varchar(255) DEFAULT NULL,
  `name` varchar(255) DEFAULT NULL,
  `description` varchar(255) DEFAULT NULL,
  `type` varchar(255) DEFAULT NULL,
  `created_at` datetime(6) DEFAULT NULL,
  `updated_at` datetime(6) DEFAULT NULL,
  `published_at` datetime(6) DEFAULT NULL,
  `created_by_id` int(10) UNSIGNED DEFAULT NULL,
  `updated_by_id` int(10) UNSIGNED DEFAULT NULL,
  `locale` varchar(255) DEFAULT NULL
) ENGINE=InnoDB DEFAULT CHARSET=utf8mb4 COLLATE=utf8mb4_general_ci;

--
-- Dumping data for table `up_roles`
--

INSERT INTO `up_roles` (`id`, `document_id`, `name`, `description`, `type`, `created_at`, `updated_at`, `published_at`, `created_by_id`, `updated_by_id`, `locale`) VALUES
(1, 'k0sbw7cdlmt1f5wr92a3stnp', 'Authenticated', 'Default role given to authenticated user.', 'authenticated', '2025-05-30 11:21:06.420000', '2025-05-30 11:21:06.420000', '2025-05-30 11:21:06.420000', NULL, NULL, NULL),
(2, 'm06x5y5edjc5oh0xrr5nuj9q', 'Public', 'Default role given to unauthenticated user.', 'public', '2025-05-30 11:21:06.423000', '2025-06-03 18:37:57.821000', '2025-05-30 11:21:06.423000', NULL, NULL, NULL);

-- --------------------------------------------------------

--
-- Table structure for table `up_users_role_lnk`
--

CREATE TABLE `up_users_role_lnk` (
  `id` int(10) UNSIGNED NOT NULL,
  `user_id` int(10) UNSIGNED DEFAULT NULL,
  `role_id` int(10) UNSIGNED DEFAULT NULL,
  `user_ord` double UNSIGNED DEFAULT NULL
) ENGINE=InnoDB DEFAULT CHARSET=utf8mb4 COLLATE=utf8mb4_general_ci;

--
-- Dumping data for table `up_users_role_lnk`
--

INSERT INTO `up_users_role_lnk` (`id`, `user_id`, `role_id`, `user_ord`) VALUES
(1, 1, 2, 1);

--
-- Indexes for dumped tables
--

--
-- Indexes for table `admin_permissions`
--
ALTER TABLE `admin_permissions`
  ADD PRIMARY KEY (`id`),
  ADD KEY `admin_permissions_documents_idx` (`document_id`,`locale`,`published_at`),
  ADD KEY `admin_permissions_created_by_id_fk` (`created_by_id`),
  ADD KEY `admin_permissions_updated_by_id_fk` (`updated_by_id`);

--
-- Indexes for table `admin_permissions_role_lnk`
--
ALTER TABLE `admin_permissions_role_lnk`
  ADD PRIMARY KEY (`id`),
  ADD UNIQUE KEY `admin_permissions_role_lnk_uq` (`permission_id`,`role_id`),
  ADD KEY `admin_permissions_role_lnk_fk` (`permission_id`),
  ADD KEY `admin_permissions_role_lnk_ifk` (`role_id`),
  ADD KEY `admin_permissions_role_lnk_oifk` (`permission_ord`);

--
-- Indexes for table `admin_roles`
--
ALTER TABLE `admin_roles`
  ADD PRIMARY KEY (`id`),
  ADD KEY `admin_roles_documents_idx` (`document_id`,`locale`,`published_at`),
  ADD KEY `admin_roles_created_by_id_fk` (`created_by_id`),
  ADD KEY `admin_roles_updated_by_id_fk` (`updated_by_id`);

--
-- Indexes for table `admin_users_roles_lnk`
--
ALTER TABLE `admin_users_roles_lnk`
  ADD PRIMARY KEY (`id`),
  ADD UNIQUE KEY `admin_users_roles_lnk_uq` (`user_id`,`role_id`),
  ADD KEY `admin_users_roles_lnk_fk` (`user_id`),
  ADD KEY `admin_users_roles_lnk_ifk` (`role_id`),
  ADD KEY `admin_users_roles_lnk_ofk` (`role_ord`),
  ADD KEY `admin_users_roles_lnk_oifk` (`user_ord`);

--
-- Indexes for table `contents`
--
ALTER TABLE `contents`
  ADD PRIMARY KEY (`id`),
  ADD KEY `contents_documents_idx` (`document_id`,`locale`,`published_at`),
  ADD KEY `contents_created_by_id_fk` (`created_by_id`),
  ADD KEY `contents_updated_by_id_fk` (`updated_by_id`);

--
-- Indexes for table `distributors`
--
ALTER TABLE `distributors`
  ADD PRIMARY KEY (`id`),
  ADD KEY `distributors_documents_idx` (`document_id`,`locale`,`published_at`),
  ADD KEY `distributors_created_by_id_fk` (`created_by_id`),
  ADD KEY `distributors_updated_by_id_fk` (`updated_by_id`);

--
-- Indexes for table `files_folder_lnk`
--
ALTER TABLE `files_folder_lnk`
  ADD PRIMARY KEY (`id`),
  ADD UNIQUE KEY `files_folder_lnk_uq` (`file_id`,`folder_id`),
  ADD KEY `files_folder_lnk_fk` (`file_id`),
  ADD KEY `files_folder_lnk_ifk` (`folder_id`),
  ADD KEY `files_folder_lnk_oifk` (`file_ord`);

--
-- Indexes for table `files_related_mph`
--
ALTER TABLE `files_related_mph`
  ADD PRIMARY KEY (`id`),
  ADD KEY `files_related_mph_fk` (`file_id`),
  ADD KEY `files_related_mph_oidx` (`order`),
  ADD KEY `files_related_mph_idix` (`related_id`);

--
-- Indexes for table `i18n_locale`
--
ALTER TABLE `i18n_locale`
  ADD PRIMARY KEY (`id`),
  ADD KEY `i18n_locale_documents_idx` (`document_id`,`locale`,`published_at`),
  ADD KEY `i18n_locale_created_by_id_fk` (`created_by_id`),
  ADD KEY `i18n_locale_updated_by_id_fk` (`updated_by_id`);

--
-- Indexes for table `products`
--
ALTER TABLE `products`
  ADD PRIMARY KEY (`id`),
  ADD KEY `products_documents_idx` (`document_id`,`locale`,`published_at`),
  ADD KEY `products_created_by_id_fk` (`created_by_id`),
  ADD KEY `products_updated_by_id_fk` (`updated_by_id`);

--
-- Indexes for table `product_types`
--
ALTER TABLE `product_types`
  ADD PRIMARY KEY (`id`),
  ADD KEY `product_types_documents_idx` (`document_id`,`locale`,`published_at`),
  ADD KEY `product_types_created_by_id_fk` (`created_by_id`),
  ADD KEY `product_types_updated_by_id_fk` (`updated_by_id`);

--
-- Indexes for table `recipes`
--
ALTER TABLE `recipes`
  ADD PRIMARY KEY (`id`),
  ADD KEY `recipes_documents_idx` (`document_id`,`locale`,`published_at`),
  ADD KEY `recipes_created_by_id_fk` (`created_by_id`),
  ADD KEY `recipes_updated_by_id_fk` (`updated_by_id`);

--
-- Indexes for table `recipe_details`
--
ALTER TABLE `recipe_details`
  ADD PRIMARY KEY (`id`),
  ADD KEY `recipe_details_documents_idx` (`document_id`,`locale`,`published_at`),
  ADD KEY `recipe_details_created_by_id_fk` (`created_by_id`),
  ADD KEY `recipe_details_updated_by_id_fk` (`updated_by_id`);

--
-- Indexes for table `strapi_api_token_permissions`
--
ALTER TABLE `strapi_api_token_permissions`
  ADD PRIMARY KEY (`id`),
  ADD KEY `strapi_api_token_permissions_documents_idx` (`document_id`,`locale`,`published_at`),
  ADD KEY `strapi_api_token_permissions_created_by_id_fk` (`created_by_id`),
  ADD KEY `strapi_api_token_permissions_updated_by_id_fk` (`updated_by_id`);

--
-- Indexes for table `strapi_history_versions`
--
ALTER TABLE `strapi_history_versions`
  ADD PRIMARY KEY (`id`),
  ADD KEY `strapi_history_versions_created_by_id_fk` (`created_by_id`);

--
-- Indexes for table `strapi_migrations`
--
ALTER TABLE `strapi_migrations`
  ADD PRIMARY KEY (`id`);

--
-- Indexes for table `strapi_migrations_internal`
--
ALTER TABLE `strapi_migrations_internal`
  ADD PRIMARY KEY (`id`);

--
-- Indexes for table `strapi_releases`
--
ALTER TABLE `strapi_releases`
  ADD PRIMARY KEY (`id`),
  ADD KEY `strapi_releases_documents_idx` (`document_id`,`locale`,`published_at`),
  ADD KEY `strapi_releases_created_by_id_fk` (`created_by_id`),
  ADD KEY `strapi_releases_updated_by_id_fk` (`updated_by_id`);

--
-- Indexes for table `strapi_release_actions`
--
ALTER TABLE `strapi_release_actions`
  ADD PRIMARY KEY (`id`),
  ADD KEY `strapi_release_actions_documents_idx` (`document_id`,`locale`,`published_at`),
  ADD KEY `strapi_release_actions_created_by_id_fk` (`created_by_id`),
  ADD KEY `strapi_release_actions_updated_by_id_fk` (`updated_by_id`);

--
-- Indexes for table `strapi_release_actions_release_lnk`
--
ALTER TABLE `strapi_release_actions_release_lnk`
  ADD PRIMARY KEY (`id`),
  ADD UNIQUE KEY `strapi_release_actions_release_lnk_uq` (`release_action_id`,`release_id`),
  ADD KEY `strapi_release_actions_release_lnk_fk` (`release_action_id`),
  ADD KEY `strapi_release_actions_release_lnk_ifk` (`release_id`),
  ADD KEY `strapi_release_actions_release_lnk_oifk` (`release_action_ord`);

--
-- Indexes for table `strapi_transfer_token_permissions`
--
ALTER TABLE `strapi_transfer_token_permissions`
  ADD PRIMARY KEY (`id`),
  ADD KEY `strapi_transfer_token_permissions_documents_idx` (`document_id`,`locale`,`published_at`),
  ADD KEY `strapi_transfer_token_permissions_created_by_id_fk` (`created_by_id`),
  ADD KEY `strapi_transfer_token_permissions_updated_by_id_fk` (`updated_by_id`);

--
-- Indexes for table `strapi_transfer_token_permissions_token_lnk`
--
ALTER TABLE `strapi_transfer_token_permissions_token_lnk`
  ADD PRIMARY KEY (`id`),
  ADD UNIQUE KEY `strapi_transfer_token_permissions_token_lnk_uq` (`transfer_token_permission_id`,`transfer_token_id`),
  ADD KEY `strapi_transfer_token_permissions_token_lnk_fk` (`transfer_token_permission_id`),
  ADD KEY `strapi_transfer_token_permissions_token_lnk_ifk` (`transfer_token_id`),
  ADD KEY `strapi_transfer_token_permissions_token_lnk_oifk` (`transfer_token_permission_ord`);

--
-- Indexes for table `strapi_webhooks`
--
ALTER TABLE `strapi_webhooks`
  ADD PRIMARY KEY (`id`);

--
-- Indexes for table `strapi_workflows`
--
ALTER TABLE `strapi_workflows`
  ADD PRIMARY KEY (`id`),
  ADD KEY `strapi_workflows_documents_idx` (`document_id`,`locale`,`published_at`),
  ADD KEY `strapi_workflows_created_by_id_fk` (`created_by_id`),
  ADD KEY `strapi_workflows_updated_by_id_fk` (`updated_by_id`);

--
-- Indexes for table `strapi_workflows_stages`
--
ALTER TABLE `strapi_workflows_stages`
  ADD PRIMARY KEY (`id`),
  ADD KEY `strapi_workflows_stages_documents_idx` (`document_id`,`locale`,`published_at`),
  ADD KEY `strapi_workflows_stages_created_by_id_fk` (`created_by_id`),
  ADD KEY `strapi_workflows_stages_updated_by_id_fk` (`updated_by_id`);

--
-- Indexes for table `strapi_workflows_stages_permissions_lnk`
--
ALTER TABLE `strapi_workflows_stages_permissions_lnk`
  ADD PRIMARY KEY (`id`),
  ADD UNIQUE KEY `strapi_workflows_stages_permissions_lnk_uq` (`workflow_stage_id`,`permission_id`),
  ADD KEY `strapi_workflows_stages_permissions_lnk_fk` (`workflow_stage_id`),
  ADD KEY `strapi_workflows_stages_permissions_lnk_ifk` (`permission_id`),
  ADD KEY `strapi_workflows_stages_permissions_lnk_ofk` (`permission_ord`);

--
-- Indexes for table `strapi_workflows_stages_workflow_lnk`
--
ALTER TABLE `strapi_workflows_stages_workflow_lnk`
  ADD PRIMARY KEY (`id`),
  ADD UNIQUE KEY `strapi_workflows_stages_workflow_lnk_uq` (`workflow_stage_id`,`workflow_id`),
  ADD KEY `strapi_workflows_stages_workflow_lnk_fk` (`workflow_stage_id`),
  ADD KEY `strapi_workflows_stages_workflow_lnk_ifk` (`workflow_id`),
  ADD KEY `strapi_workflows_stages_workflow_lnk_oifk` (`workflow_stage_ord`);

--
-- Indexes for table `strapi_workflows_stage_required_to_publish_lnk`
--
ALTER TABLE `strapi_workflows_stage_required_to_publish_lnk`
  ADD PRIMARY KEY (`id`),
  ADD UNIQUE KEY `strapi_workflows_stage_required_to_publish_lnk_uq` (`workflow_id`,`workflow_stage_id`),
  ADD KEY `strapi_workflows_stage_required_to_publish_lnk_fk` (`workflow_id`),
  ADD KEY `strapi_workflows_stage_required_to_publish_lnk_ifk` (`workflow_stage_id`);

--
-- Indexes for table `upload_folders`
--
ALTER TABLE `upload_folders`
  ADD PRIMARY KEY (`id`),
  ADD UNIQUE KEY `upload_folders_path_id_index` (`path_id`),
  ADD UNIQUE KEY `upload_folders_path_index` (`path`),
  ADD KEY `upload_folders_documents_idx` (`document_id`,`locale`,`published_at`),
  ADD KEY `upload_folders_created_by_id_fk` (`created_by_id`),
  ADD KEY `upload_folders_updated_by_id_fk` (`updated_by_id`);

--
-- Indexes for table `upload_folders_parent_lnk`
--
ALTER TABLE `upload_folders_parent_lnk`
  ADD PRIMARY KEY (`id`),
  ADD UNIQUE KEY `upload_folders_parent_lnk_uq` (`folder_id`,`inv_folder_id`),
  ADD KEY `upload_folders_parent_lnk_fk` (`folder_id`),
  ADD KEY `upload_folders_parent_lnk_ifk` (`inv_folder_id`),
  ADD KEY `upload_folders_parent_lnk_oifk` (`folder_ord`);

--
-- Indexes for table `up_permissions`
--
ALTER TABLE `up_permissions`
  ADD PRIMARY KEY (`id`),
  ADD KEY `up_permissions_documents_idx` (`document_id`,`locale`,`published_at`),
  ADD KEY `up_permissions_created_by_id_fk` (`created_by_id`),
  ADD KEY `up_permissions_updated_by_id_fk` (`updated_by_id`);

--
-- Indexes for table `up_permissions_role_lnk`
--
ALTER TABLE `up_permissions_role_lnk`
  ADD PRIMARY KEY (`id`),
  ADD UNIQUE KEY `up_permissions_role_lnk_uq` (`permission_id`,`role_id`),
  ADD KEY `up_permissions_role_lnk_fk` (`permission_id`),
  ADD KEY `up_permissions_role_lnk_ifk` (`role_id`),
  ADD KEY `up_permissions_role_lnk_oifk` (`permission_ord`);

--
-- Indexes for table `up_roles`
--
ALTER TABLE `up_roles`
  ADD PRIMARY KEY (`id`),
  ADD KEY `up_roles_documents_idx` (`document_id`,`locale`,`published_at`),
  ADD KEY `up_roles_created_by_id_fk` (`created_by_id`),
  ADD KEY `up_roles_updated_by_id_fk` (`updated_by_id`);

--
-- Indexes for table `up_users_role_lnk`
--
ALTER TABLE `up_users_role_lnk`
  ADD PRIMARY KEY (`id`),
  ADD UNIQUE KEY `up_users_role_lnk_uq` (`user_id`,`role_id`),
  ADD KEY `up_users_role_lnk_fk` (`user_id`),
  ADD KEY `up_users_role_lnk_ifk` (`role_id`),
  ADD KEY `up_users_role_lnk_oifk` (`user_ord`);

--
-- AUTO_INCREMENT for dumped tables
--

--
-- AUTO_INCREMENT for table `admin_permissions`
--
ALTER TABLE `admin_permissions`
  MODIFY `id` int(10) UNSIGNED NOT NULL AUTO_INCREMENT, AUTO_INCREMENT=143;

--
-- AUTO_INCREMENT for table `admin_permissions_role_lnk`
--
ALTER TABLE `admin_permissions_role_lnk`
  MODIFY `id` int(10) UNSIGNED NOT NULL AUTO_INCREMENT, AUTO_INCREMENT=143;

--
-- AUTO_INCREMENT for table `admin_roles`
--
ALTER TABLE `admin_roles`
  MODIFY `id` int(10) UNSIGNED NOT NULL AUTO_INCREMENT, AUTO_INCREMENT=4;

--
-- AUTO_INCREMENT for table `admin_users_roles_lnk`
--
ALTER TABLE `admin_users_roles_lnk`
  MODIFY `id` int(10) UNSIGNED NOT NULL AUTO_INCREMENT, AUTO_INCREMENT=2;

--
-- AUTO_INCREMENT for table `contents`
--
ALTER TABLE `contents`
  MODIFY `id` int(10) UNSIGNED NOT NULL AUTO_INCREMENT, AUTO_INCREMENT=3;

--
-- AUTO_INCREMENT for table `distributors`
--
ALTER TABLE `distributors`
  MODIFY `id` int(10) UNSIGNED NOT NULL AUTO_INCREMENT, AUTO_INCREMENT=3;

--
-- AUTO_INCREMENT for table `files_folder_lnk`
--
ALTER TABLE `files_folder_lnk`
  MODIFY `id` int(10) UNSIGNED NOT NULL AUTO_INCREMENT;

--
-- AUTO_INCREMENT for table `files_related_mph`
--
ALTER TABLE `files_related_mph`
  MODIFY `id` int(10) UNSIGNED NOT NULL AUTO_INCREMENT, AUTO_INCREMENT=15;

--
-- AUTO_INCREMENT for table `i18n_locale`
--
ALTER TABLE `i18n_locale`
  MODIFY `id` int(10) UNSIGNED NOT NULL AUTO_INCREMENT, AUTO_INCREMENT=2;

--
-- AUTO_INCREMENT for table `products`
--
ALTER TABLE `products`
  MODIFY `id` int(10) UNSIGNED NOT NULL AUTO_INCREMENT, AUTO_INCREMENT=3;

--
-- AUTO_INCREMENT for table `product_types`
--
ALTER TABLE `product_types`
  MODIFY `id` int(10) UNSIGNED NOT NULL AUTO_INCREMENT, AUTO_INCREMENT=5;

--
-- AUTO_INCREMENT for table `recipes`
--
ALTER TABLE `recipes`
  MODIFY `id` int(10) UNSIGNED NOT NULL AUTO_INCREMENT, AUTO_INCREMENT=10;

--
-- AUTO_INCREMENT for table `recipe_details`
--
ALTER TABLE `recipe_details`
  MODIFY `id` int(10) UNSIGNED NOT NULL AUTO_INCREMENT, AUTO_INCREMENT=3;

--
-- AUTO_INCREMENT for table `strapi_api_token_permissions`
--
ALTER TABLE `strapi_api_token_permissions`
  MODIFY `id` int(10) UNSIGNED NOT NULL AUTO_INCREMENT;

--
-- AUTO_INCREMENT for table `strapi_history_versions`
--
ALTER TABLE `strapi_history_versions`
  MODIFY `id` int(10) UNSIGNED NOT NULL AUTO_INCREMENT;

--
-- AUTO_INCREMENT for table `strapi_migrations`
--
ALTER TABLE `strapi_migrations`
  MODIFY `id` int(10) UNSIGNED NOT NULL AUTO_INCREMENT;

--
-- AUTO_INCREMENT for table `strapi_migrations_internal`
--
ALTER TABLE `strapi_migrations_internal`
  MODIFY `id` int(10) UNSIGNED NOT NULL AUTO_INCREMENT, AUTO_INCREMENT=7;

--
-- AUTO_INCREMENT for table `strapi_releases`
--
ALTER TABLE `strapi_releases`
  MODIFY `id` int(10) UNSIGNED NOT NULL AUTO_INCREMENT;

--
-- AUTO_INCREMENT for table `strapi_release_actions`
--
ALTER TABLE `strapi_release_actions`
  MODIFY `id` int(10) UNSIGNED NOT NULL AUTO_INCREMENT;

--
-- AUTO_INCREMENT for table `strapi_release_actions_release_lnk`
--
ALTER TABLE `strapi_release_actions_release_lnk`
  MODIFY `id` int(10) UNSIGNED NOT NULL AUTO_INCREMENT;

--
-- AUTO_INCREMENT for table `strapi_transfer_token_permissions`
--
ALTER TABLE `strapi_transfer_token_permissions`
  MODIFY `id` int(10) UNSIGNED NOT NULL AUTO_INCREMENT;

--
-- AUTO_INCREMENT for table `strapi_transfer_token_permissions_token_lnk`
--
ALTER TABLE `strapi_transfer_token_permissions_token_lnk`
  MODIFY `id` int(10) UNSIGNED NOT NULL AUTO_INCREMENT;

--
-- AUTO_INCREMENT for table `strapi_webhooks`
--
ALTER TABLE `strapi_webhooks`
  MODIFY `id` int(10) UNSIGNED NOT NULL AUTO_INCREMENT;

--
-- AUTO_INCREMENT for table `strapi_workflows`
--
ALTER TABLE `strapi_workflows`
  MODIFY `id` int(10) UNSIGNED NOT NULL AUTO_INCREMENT;

--
-- AUTO_INCREMENT for table `strapi_workflows_stages`
--
ALTER TABLE `strapi_workflows_stages`
  MODIFY `id` int(10) UNSIGNED NOT NULL AUTO_INCREMENT;

--
-- AUTO_INCREMENT for table `strapi_workflows_stages_permissions_lnk`
--
ALTER TABLE `strapi_workflows_stages_permissions_lnk`
  MODIFY `id` int(10) UNSIGNED NOT NULL AUTO_INCREMENT;

--
-- AUTO_INCREMENT for table `strapi_workflows_stages_workflow_lnk`
--
ALTER TABLE `strapi_workflows_stages_workflow_lnk`
  MODIFY `id` int(10) UNSIGNED NOT NULL AUTO_INCREMENT;

--
-- AUTO_INCREMENT for table `strapi_workflows_stage_required_to_publish_lnk`
--
ALTER TABLE `strapi_workflows_stage_required_to_publish_lnk`
  MODIFY `id` int(10) UNSIGNED NOT NULL AUTO_INCREMENT;

--
-- AUTO_INCREMENT for table `upload_folders`
--
ALTER TABLE `upload_folders`
  MODIFY `id` int(10) UNSIGNED NOT NULL AUTO_INCREMENT;

--
-- AUTO_INCREMENT for table `upload_folders_parent_lnk`
--
ALTER TABLE `upload_folders_parent_lnk`
  MODIFY `id` int(10) UNSIGNED NOT NULL AUTO_INCREMENT;

--
-- AUTO_INCREMENT for table `up_permissions`
--
ALTER TABLE `up_permissions`
  MODIFY `id` int(10) UNSIGNED NOT NULL AUTO_INCREMENT, AUTO_INCREMENT=36;

--
-- AUTO_INCREMENT for table `up_permissions_role_lnk`
--
ALTER TABLE `up_permissions_role_lnk`
  MODIFY `id` int(10) UNSIGNED NOT NULL AUTO_INCREMENT, AUTO_INCREMENT=36;

--
-- AUTO_INCREMENT for table `up_roles`
--
ALTER TABLE `up_roles`
  MODIFY `id` int(10) UNSIGNED NOT NULL AUTO_INCREMENT, AUTO_INCREMENT=3;

--
-- AUTO_INCREMENT for table `up_users_role_lnk`
--
ALTER TABLE `up_users_role_lnk`
  MODIFY `id` int(10) UNSIGNED NOT NULL AUTO_INCREMENT, AUTO_INCREMENT=2;

--
-- Constraints for dumped tables
--

--
-- Constraints for table `admin_permissions`
--
ALTER TABLE `admin_permissions`
  ADD CONSTRAINT `admin_permissions_created_by_id_fk` FOREIGN KEY (`created_by_id`) REFERENCES `admin_users` (`id`) ON DELETE SET NULL,
  ADD CONSTRAINT `admin_permissions_updated_by_id_fk` FOREIGN KEY (`updated_by_id`) REFERENCES `admin_users` (`id`) ON DELETE SET NULL;

--
-- Constraints for table `admin_permissions_role_lnk`
--
ALTER TABLE `admin_permissions_role_lnk`
  ADD CONSTRAINT `admin_permissions_role_lnk_fk` FOREIGN KEY (`permission_id`) REFERENCES `admin_permissions` (`id`) ON DELETE CASCADE,
  ADD CONSTRAINT `admin_permissions_role_lnk_ifk` FOREIGN KEY (`role_id`) REFERENCES `admin_roles` (`id`) ON DELETE CASCADE;

--
-- Constraints for table `admin_roles`
--
ALTER TABLE `admin_roles`
  ADD CONSTRAINT `admin_roles_created_by_id_fk` FOREIGN KEY (`created_by_id`) REFERENCES `admin_users` (`id`) ON DELETE SET NULL,
  ADD CONSTRAINT `admin_roles_updated_by_id_fk` FOREIGN KEY (`updated_by_id`) REFERENCES `admin_users` (`id`) ON DELETE SET NULL;

--
-- Constraints for table `admin_users_roles_lnk`
--
ALTER TABLE `admin_users_roles_lnk`
  ADD CONSTRAINT `admin_users_roles_lnk_fk` FOREIGN KEY (`user_id`) REFERENCES `admin_users` (`id`) ON DELETE CASCADE,
  ADD CONSTRAINT `admin_users_roles_lnk_ifk` FOREIGN KEY (`role_id`) REFERENCES `admin_roles` (`id`) ON DELETE CASCADE;

--
-- Constraints for table `contents`
--
ALTER TABLE `contents`
  ADD CONSTRAINT `contents_created_by_id_fk` FOREIGN KEY (`created_by_id`) REFERENCES `admin_users` (`id`) ON DELETE SET NULL,
  ADD CONSTRAINT `contents_updated_by_id_fk` FOREIGN KEY (`updated_by_id`) REFERENCES `admin_users` (`id`) ON DELETE SET NULL;

--
-- Constraints for table `distributors`
--
ALTER TABLE `distributors`
  ADD CONSTRAINT `distributors_created_by_id_fk` FOREIGN KEY (`created_by_id`) REFERENCES `admin_users` (`id`) ON DELETE SET NULL,
  ADD CONSTRAINT `distributors_updated_by_id_fk` FOREIGN KEY (`updated_by_id`) REFERENCES `admin_users` (`id`) ON DELETE SET NULL;

--
-- Constraints for table `files_folder_lnk`
--
ALTER TABLE `files_folder_lnk`
  ADD CONSTRAINT `files_folder_lnk_fk` FOREIGN KEY (`file_id`) REFERENCES `files` (`id`) ON DELETE CASCADE,
  ADD CONSTRAINT `files_folder_lnk_ifk` FOREIGN KEY (`folder_id`) REFERENCES `upload_folders` (`id`) ON DELETE CASCADE;

--
-- Constraints for table `files_related_mph`
--
ALTER TABLE `files_related_mph`
  ADD CONSTRAINT `files_related_mph_fk` FOREIGN KEY (`file_id`) REFERENCES `files` (`id`) ON DELETE CASCADE;

--
-- Constraints for table `i18n_locale`
--
ALTER TABLE `i18n_locale`
  ADD CONSTRAINT `i18n_locale_created_by_id_fk` FOREIGN KEY (`created_by_id`) REFERENCES `admin_users` (`id`) ON DELETE SET NULL,
  ADD CONSTRAINT `i18n_locale_updated_by_id_fk` FOREIGN KEY (`updated_by_id`) REFERENCES `admin_users` (`id`) ON DELETE SET NULL;

--
-- Constraints for table `products`
--
ALTER TABLE `products`
  ADD CONSTRAINT `products_created_by_id_fk` FOREIGN KEY (`created_by_id`) REFERENCES `admin_users` (`id`) ON DELETE SET NULL,
  ADD CONSTRAINT `products_updated_by_id_fk` FOREIGN KEY (`updated_by_id`) REFERENCES `admin_users` (`id`) ON DELETE SET NULL;

--
-- Constraints for table `product_types`
--
ALTER TABLE `product_types`
  ADD CONSTRAINT `product_types_created_by_id_fk` FOREIGN KEY (`created_by_id`) REFERENCES `admin_users` (`id`) ON DELETE SET NULL,
  ADD CONSTRAINT `product_types_updated_by_id_fk` FOREIGN KEY (`updated_by_id`) REFERENCES `admin_users` (`id`) ON DELETE SET NULL;

--
-- Constraints for table `recipes`
--
ALTER TABLE `recipes`
  ADD CONSTRAINT `recipes_created_by_id_fk` FOREIGN KEY (`created_by_id`) REFERENCES `admin_users` (`id`) ON DELETE SET NULL,
  ADD CONSTRAINT `recipes_updated_by_id_fk` FOREIGN KEY (`updated_by_id`) REFERENCES `admin_users` (`id`) ON DELETE SET NULL;

--
-- Constraints for table `recipe_details`
--
ALTER TABLE `recipe_details`
  ADD CONSTRAINT `recipe_details_created_by_id_fk` FOREIGN KEY (`created_by_id`) REFERENCES `admin_users` (`id`) ON DELETE SET NULL,
  ADD CONSTRAINT `recipe_details_updated_by_id_fk` FOREIGN KEY (`updated_by_id`) REFERENCES `admin_users` (`id`) ON DELETE SET NULL;

--
-- Constraints for table `strapi_api_token_permissions`
--
ALTER TABLE `strapi_api_token_permissions`
  ADD CONSTRAINT `strapi_api_token_permissions_created_by_id_fk` FOREIGN KEY (`created_by_id`) REFERENCES `admin_users` (`id`) ON DELETE SET NULL,
  ADD CONSTRAINT `strapi_api_token_permissions_updated_by_id_fk` FOREIGN KEY (`updated_by_id`) REFERENCES `admin_users` (`id`) ON DELETE SET NULL;

--
-- Constraints for table `strapi_history_versions`
--
ALTER TABLE `strapi_history_versions`
  ADD CONSTRAINT `strapi_history_versions_created_by_id_fk` FOREIGN KEY (`created_by_id`) REFERENCES `admin_users` (`id`) ON DELETE SET NULL;

--
-- Constraints for table `strapi_releases`
--
ALTER TABLE `strapi_releases`
  ADD CONSTRAINT `strapi_releases_created_by_id_fk` FOREIGN KEY (`created_by_id`) REFERENCES `admin_users` (`id`) ON DELETE SET NULL,
  ADD CONSTRAINT `strapi_releases_updated_by_id_fk` FOREIGN KEY (`updated_by_id`) REFERENCES `admin_users` (`id`) ON DELETE SET NULL;

--
-- Constraints for table `strapi_release_actions`
--
ALTER TABLE `strapi_release_actions`
  ADD CONSTRAINT `strapi_release_actions_created_by_id_fk` FOREIGN KEY (`created_by_id`) REFERENCES `admin_users` (`id`) ON DELETE SET NULL,
  ADD CONSTRAINT `strapi_release_actions_updated_by_id_fk` FOREIGN KEY (`updated_by_id`) REFERENCES `admin_users` (`id`) ON DELETE SET NULL;

--
-- Constraints for table `strapi_release_actions_release_lnk`
--
ALTER TABLE `strapi_release_actions_release_lnk`
  ADD CONSTRAINT `strapi_release_actions_release_lnk_fk` FOREIGN KEY (`release_action_id`) REFERENCES `strapi_release_actions` (`id`) ON DELETE CASCADE,
  ADD CONSTRAINT `strapi_release_actions_release_lnk_ifk` FOREIGN KEY (`release_id`) REFERENCES `strapi_releases` (`id`) ON DELETE CASCADE;

--
-- Constraints for table `strapi_transfer_token_permissions`
--
ALTER TABLE `strapi_transfer_token_permissions`
  ADD CONSTRAINT `strapi_transfer_token_permissions_created_by_id_fk` FOREIGN KEY (`created_by_id`) REFERENCES `admin_users` (`id`) ON DELETE SET NULL,
  ADD CONSTRAINT `strapi_transfer_token_permissions_updated_by_id_fk` FOREIGN KEY (`updated_by_id`) REFERENCES `admin_users` (`id`) ON DELETE SET NULL;

--
-- Constraints for table `strapi_transfer_token_permissions_token_lnk`
--
ALTER TABLE `strapi_transfer_token_permissions_token_lnk`
  ADD CONSTRAINT `strapi_transfer_token_permissions_token_lnk_fk` FOREIGN KEY (`transfer_token_permission_id`) REFERENCES `strapi_transfer_token_permissions` (`id`) ON DELETE CASCADE,
  ADD CONSTRAINT `strapi_transfer_token_permissions_token_lnk_ifk` FOREIGN KEY (`transfer_token_id`) REFERENCES `strapi_transfer_tokens` (`id`) ON DELETE CASCADE;

--
-- Constraints for table `strapi_workflows`
--
ALTER TABLE `strapi_workflows`
  ADD CONSTRAINT `strapi_workflows_created_by_id_fk` FOREIGN KEY (`created_by_id`) REFERENCES `admin_users` (`id`) ON DELETE SET NULL,
  ADD CONSTRAINT `strapi_workflows_updated_by_id_fk` FOREIGN KEY (`updated_by_id`) REFERENCES `admin_users` (`id`) ON DELETE SET NULL;

--
-- Constraints for table `strapi_workflows_stages`
--
ALTER TABLE `strapi_workflows_stages`
  ADD CONSTRAINT `strapi_workflows_stages_created_by_id_fk` FOREIGN KEY (`created_by_id`) REFERENCES `admin_users` (`id`) ON DELETE SET NULL,
  ADD CONSTRAINT `strapi_workflows_stages_updated_by_id_fk` FOREIGN KEY (`updated_by_id`) REFERENCES `admin_users` (`id`) ON DELETE SET NULL;

--
-- Constraints for table `strapi_workflows_stages_permissions_lnk`
--
ALTER TABLE `strapi_workflows_stages_permissions_lnk`
  ADD CONSTRAINT `strapi_workflows_stages_permissions_lnk_fk` FOREIGN KEY (`workflow_stage_id`) REFERENCES `strapi_workflows_stages` (`id`) ON DELETE CASCADE,
  ADD CONSTRAINT `strapi_workflows_stages_permissions_lnk_ifk` FOREIGN KEY (`permission_id`) REFERENCES `admin_permissions` (`id`) ON DELETE CASCADE;

--
-- Constraints for table `strapi_workflows_stages_workflow_lnk`
--
ALTER TABLE `strapi_workflows_stages_workflow_lnk`
  ADD CONSTRAINT `strapi_workflows_stages_workflow_lnk_fk` FOREIGN KEY (`workflow_stage_id`) REFERENCES `strapi_workflows_stages` (`id`) ON DELETE CASCADE,
  ADD CONSTRAINT `strapi_workflows_stages_workflow_lnk_ifk` FOREIGN KEY (`workflow_id`) REFERENCES `strapi_workflows` (`id`) ON DELETE CASCADE;

--
-- Constraints for table `strapi_workflows_stage_required_to_publish_lnk`
--
ALTER TABLE `strapi_workflows_stage_required_to_publish_lnk`
  ADD CONSTRAINT `strapi_workflows_stage_required_to_publish_lnk_fk` FOREIGN KEY (`workflow_id`) REFERENCES `strapi_workflows` (`id`) ON DELETE CASCADE,
  ADD CONSTRAINT `strapi_workflows_stage_required_to_publish_lnk_ifk` FOREIGN KEY (`workflow_stage_id`) REFERENCES `strapi_workflows_stages` (`id`) ON DELETE CASCADE;

--
-- Constraints for table `upload_folders`
--
ALTER TABLE `upload_folders`
  ADD CONSTRAINT `upload_folders_created_by_id_fk` FOREIGN KEY (`created_by_id`) REFERENCES `admin_users` (`id`) ON DELETE SET NULL,
  ADD CONSTRAINT `upload_folders_updated_by_id_fk` FOREIGN KEY (`updated_by_id`) REFERENCES `admin_users` (`id`) ON DELETE SET NULL;

--
-- Constraints for table `upload_folders_parent_lnk`
--
ALTER TABLE `upload_folders_parent_lnk`
  ADD CONSTRAINT `upload_folders_parent_lnk_fk` FOREIGN KEY (`folder_id`) REFERENCES `upload_folders` (`id`) ON DELETE CASCADE,
  ADD CONSTRAINT `upload_folders_parent_lnk_ifk` FOREIGN KEY (`inv_folder_id`) REFERENCES `upload_folders` (`id`) ON DELETE CASCADE;

--
-- Constraints for table `up_permissions`
--
ALTER TABLE `up_permissions`
  ADD CONSTRAINT `up_permissions_created_by_id_fk` FOREIGN KEY (`created_by_id`) REFERENCES `admin_users` (`id`) ON DELETE SET NULL,
  ADD CONSTRAINT `up_permissions_updated_by_id_fk` FOREIGN KEY (`updated_by_id`) REFERENCES `admin_users` (`id`) ON DELETE SET NULL;

--
-- Constraints for table `up_permissions_role_lnk`
--
ALTER TABLE `up_permissions_role_lnk`
  ADD CONSTRAINT `up_permissions_role_lnk_fk` FOREIGN KEY (`permission_id`) REFERENCES `up_permissions` (`id`) ON DELETE CASCADE,
  ADD CONSTRAINT `up_permissions_role_lnk_ifk` FOREIGN KEY (`role_id`) REFERENCES `up_roles` (`id`) ON DELETE CASCADE;

--
-- Constraints for table `up_roles`
--
ALTER TABLE `up_roles`
  ADD CONSTRAINT `up_roles_created_by_id_fk` FOREIGN KEY (`created_by_id`) REFERENCES `admin_users` (`id`) ON DELETE SET NULL,
  ADD CONSTRAINT `up_roles_updated_by_id_fk` FOREIGN KEY (`updated_by_id`) REFERENCES `admin_users` (`id`) ON DELETE SET NULL;

--
-- Constraints for table `up_users_role_lnk`
--
ALTER TABLE `up_users_role_lnk`
  ADD CONSTRAINT `up_users_role_lnk_fk` FOREIGN KEY (`user_id`) REFERENCES `up_users` (`id`) ON DELETE CASCADE,
  ADD CONSTRAINT `up_users_role_lnk_ifk` FOREIGN KEY (`role_id`) REFERENCES `up_roles` (`id`) ON DELETE CASCADE;
COMMIT;

